{"id":3182,"date":"2021-12-22T14:00:27","date_gmt":"2021-12-22T13:00:27","guid":{"rendered":"http:\/\/alescaa.fr\/?post_type=lsvr_event&#038;p=3182"},"modified":"2022-06-30T14:55:26","modified_gmt":"2022-06-30T12:55:26","slug":"festival-de-lenvironnement-2022","status":"publish","type":"lsvr_event","link":"https:\/\/www.alescaa.fr\/index.php\/events\/festival-de-lenvironnement-2022\/","title":{"rendered":"Festival de l&rsquo;environnement 2022"},"content":{"rendered":"\n<p>De 10h \u00e0 19h : ateliers participatifs, animations, march\u00e9 \u00e9co-responsable<\/p>\n\n\n\n<p>De 15h \u00e0 23h : Concerts<\/p>\n\n\n\n<p>Entr\u00e9e gratuite, restauration et buvette sur place<\/p>\n","protected":false},"excerpt":{"rendered":"<p>De 10h \u00e0 19h : ateliers participatifs, animations, march\u00e9 \u00e9co-responsable De 15h \u00e0 23h : Concerts Entr\u00e9e gratuite, restauration et buvette sur place<\/p>\n","protected":false},"author":3,"featured_media":3183,"template":"","meta":[],"lsvr_event_cat":[],"lsvr_event_tag":[],"yoast_head":"<!-- This site is optimized with the Yoast SEO plugin v21.8.1 - https:\/\/yoast.com\/wordpress\/plugins\/seo\/ -->\n<title>Festival de l&#039;environnement 2022 - A.L.E.S.C.A.A.<\/title>\n<meta name=\"robots\" content=\"index, follow, max-snippet:-1, max-image-preview:large, max-video-preview:-1\" \/>\n<link rel=\"canonical\" href=\"https:\/\/www.alescaa.fr\/index.php\/events\/festival-de-lenvironnement-2022\/\" \/>\n<meta property=\"og:locale\" content=\"fr_FR\" \/>\n<meta property=\"og:type\" content=\"article\" \/>\n<meta property=\"og:title\" content=\"Festival de l&#039;environnement 2022 - A.L.E.S.C.A.A.\" \/>\n<meta property=\"og:description\" content=\"De 10h \u00e0 19h : ateliers participatifs, animations, march\u00e9 \u00e9co-responsable De 15h \u00e0 23h : Concerts Entr\u00e9e gratuite, restauration et buvette sur place\" \/>\n<meta property=\"og:url\" content=\"https:\/\/www.alescaa.fr\/index.php\/events\/festival-de-lenvironnement-2022\/\" \/>\n<meta property=\"og:site_name\" content=\"A.L.E.S.C.A.A.\" \/>\n<meta property=\"article:modified_time\" content=\"2022-06-30T12:55:26+00:00\" \/>\n<meta property=\"og:image\" content=\"https:\/\/www.alescaa.fr\/wp-content\/uploads\/2021\/11\/245433633_100517179088700_2722900193351670113_n.jpg\" \/>\n\t<meta property=\"og:image:width\" content=\"960\" \/>\n\t<meta property=\"og:image:height\" content=\"1359\" \/>\n\t<meta property=\"og:image:type\" content=\"image\/jpeg\" \/>\n<meta name=\"twitter:card\" content=\"summary_large_image\" \/>\n<script type=\"application\/ld+json\" class=\"yoast-schema-graph\">{\"@context\":\"https:\/\/schema.org\",\"@graph\":[{\"@type\":\"WebPage\",\"@id\":\"https:\/\/www.alescaa.fr\/index.php\/events\/festival-de-lenvironnement-2022\/\",\"url\":\"https:\/\/www.alescaa.fr\/index.php\/events\/festival-de-lenvironnement-2022\/\",\"name\":\"Festival de l'environnement 2022 - A.L.E.S.C.A.A.\",\"isPartOf\":{\"@id\":\"https:\/\/www.alescaa.fr\/#website\"},\"datePublished\":\"2021-12-22T13:00:27+00:00\",\"dateModified\":\"2022-06-30T12:55:26+00:00\",\"breadcrumb\":{\"@id\":\"https:\/\/www.alescaa.fr\/index.php\/events\/festival-de-lenvironnement-2022\/#breadcrumb\"},\"inLanguage\":\"fr-FR\",\"potentialAction\":[{\"@type\":\"ReadAction\",\"target\":[\"https:\/\/www.alescaa.fr\/index.php\/events\/festival-de-lenvironnement-2022\/\"]}]},{\"@type\":\"BreadcrumbList\",\"@id\":\"https:\/\/www.alescaa.fr\/index.php\/events\/festival-de-lenvironnement-2022\/#breadcrumb\",\"itemListElement\":[{\"@type\":\"ListItem\",\"position\":1,\"name\":\"Accueil\",\"item\":\"https:\/\/www.alescaa.fr\/\"},{\"@type\":\"ListItem\",\"position\":2,\"name\":\"\u00c9v\u00e9nements\",\"item\":\"https:\/\/www.alescaa.fr\/index.php\/events\/\"},{\"@type\":\"ListItem\",\"position\":3,\"name\":\"Festival de l&rsquo;environnement 2022\"}]},{\"@type\":\"WebSite\",\"@id\":\"https:\/\/www.alescaa.fr\/#website\",\"url\":\"https:\/\/www.alescaa.fr\/\",\"name\":\"A.L.E.S.C.A.A.\",\"description\":\"Amicale La\u00efque Educative Sportive et Culturelle d&#039;Autheuil-Authouillet\",\"publisher\":{\"@id\":\"https:\/\/www.alescaa.fr\/#organization\"},\"potentialAction\":[{\"@type\":\"SearchAction\",\"target\":{\"@type\":\"EntryPoint\",\"urlTemplate\":\"https:\/\/www.alescaa.fr\/?s={search_term_string}\"},\"query-input\":\"required name=search_term_string\"}],\"inLanguage\":\"fr-FR\"},{\"@type\":\"Organization\",\"@id\":\"https:\/\/www.alescaa.fr\/#organization\",\"name\":\"A.L.E.S.C.A.A.\",\"url\":\"https:\/\/www.alescaa.fr\/\",\"logo\":{\"@type\":\"ImageObject\",\"inLanguage\":\"fr-FR\",\"@id\":\"https:\/\/www.alescaa.fr\/#\/schema\/logo\/image\/\",\"url\":\"https:\/\/www.alescaa.fr\/wp-content\/uploads\/2022\/02\/Logo-Alescaa-2022.png\",\"contentUrl\":\"https:\/\/www.alescaa.fr\/wp-content\/uploads\/2022\/02\/Logo-Alescaa-2022.png\",\"width\":512,\"height\":482,\"caption\":\"A.L.E.S.C.A.A.\"},\"image\":{\"@id\":\"https:\/\/www.alescaa.fr\/#\/schema\/logo\/image\/\"}}]}<\/script>\n<!-- \/ Yoast SEO plugin. -->","yoast_head_json":{"title":"Festival de l'environnement 2022 - A.L.E.S.C.A.A.","robots":{"index":"index","follow":"follow","max-snippet":"max-snippet:-1","max-image-preview":"max-image-preview:large","max-video-preview":"max-video-preview:-1"},"canonical":"https:\/\/www.alescaa.fr\/index.php\/events\/festival-de-lenvironnement-2022\/","og_locale":"fr_FR","og_type":"article","og_title":"Festival de l'environnement 2022 - A.L.E.S.C.A.A.","og_description":"De 10h \u00e0 19h : ateliers participatifs, animations, march\u00e9 \u00e9co-responsable De 15h \u00e0 23h : Concerts Entr\u00e9e gratuite, restauration et buvette sur place","og_url":"https:\/\/www.alescaa.fr\/index.php\/events\/festival-de-lenvironnement-2022\/","og_site_name":"A.L.E.S.C.A.A.","article_modified_time":"2022-06-30T12:55:26+00:00","og_image":[{"width":960,"height":1359,"url":"https:\/\/www.alescaa.fr\/wp-content\/uploads\/2021\/11\/245433633_100517179088700_2722900193351670113_n.jpg","type":"image\/jpeg"}],"twitter_card":"summary_large_image","schema":{"@context":"https:\/\/schema.org","@graph":[{"@type":"WebPage","@id":"https:\/\/www.alescaa.fr\/index.php\/events\/festival-de-lenvironnement-2022\/","url":"https:\/\/www.alescaa.fr\/index.php\/events\/festival-de-lenvironnement-2022\/","name":"Festival de l'environnement 2022 - A.L.E.S.C.A.A.","isPartOf":{"@id":"https:\/\/www.alescaa.fr\/#website"},"datePublished":"2021-12-22T13:00:27+00:00","dateModified":"2022-06-30T12:55:26+00:00","breadcrumb":{"@id":"https:\/\/www.alescaa.fr\/index.php\/events\/festival-de-lenvironnement-2022\/#breadcrumb"},"inLanguage":"fr-FR","potentialAction":[{"@type":"ReadAction","target":["https:\/\/www.alescaa.fr\/index.php\/events\/festival-de-lenvironnement-2022\/"]}]},{"@type":"BreadcrumbList","@id":"https:\/\/www.alescaa.fr\/index.php\/events\/festival-de-lenvironnement-2022\/#breadcrumb","itemListElement":[{"@type":"ListItem","position":1,"name":"Accueil","item":"https:\/\/www.alescaa.fr\/"},{"@type":"ListItem","position":2,"name":"\u00c9v\u00e9nements","item":"https:\/\/www.alescaa.fr\/index.php\/events\/"},{"@type":"ListItem","position":3,"name":"Festival de l&rsquo;environnement 2022"}]},{"@type":"WebSite","@id":"https:\/\/www.alescaa.fr\/#website","url":"https:\/\/www.alescaa.fr\/","name":"A.L.E.S.C.A.A.","description":"Amicale La\u00efque Educative Sportive et Culturelle d&#039;Autheuil-Authouillet","publisher":{"@id":"https:\/\/www.alescaa.fr\/#organization"},"potentialAction":[{"@type":"SearchAction","target":{"@type":"EntryPoint","urlTemplate":"https:\/\/www.alescaa.fr\/?s={search_term_string}"},"query-input":"required name=search_term_string"}],"inLanguage":"fr-FR"},{"@type":"Organization","@id":"https:\/\/www.alescaa.fr\/#organization","name":"A.L.E.S.C.A.A.","url":"https:\/\/www.alescaa.fr\/","logo":{"@type":"ImageObject","inLanguage":"fr-FR","@id":"https:\/\/www.alescaa.fr\/#\/schema\/logo\/image\/","url":"https:\/\/www.alescaa.fr\/wp-content\/uploads\/2022\/02\/Logo-Alescaa-2022.png","contentUrl":"https:\/\/www.alescaa.fr\/wp-content\/uploads\/2022\/02\/Logo-Alescaa-2022.png","width":512,"height":482,"caption":"A.L.E.S.C.A.A."},"image":{"@id":"https:\/\/www.alescaa.fr\/#\/schema\/logo\/image\/"}}]}},"_links":{"self":[{"href":"https:\/\/www.alescaa.fr\/index.php\/wp-json\/wp\/v2\/lsvr_event\/3182"}],"collection":[{"href":"https:\/\/www.alescaa.fr\/index.php\/wp-json\/wp\/v2\/lsvr_event"}],"about":[{"href":"https:\/\/www.alescaa.fr\/index.php\/wp-json\/wp\/v2\/types\/lsvr_event"}],"author":[{"embeddable":true,"href":"https:\/\/www.alescaa.fr\/index.php\/wp-json\/wp\/v2\/users\/3"}],"version-history":[{"count":6,"href":"https:\/\/www.alescaa.fr\/index.php\/wp-json\/wp\/v2\/lsvr_event\/3182\/revisions"}],"predecessor-version":[{"id":3527,"href":"https:\/\/www.alescaa.fr\/index.php\/wp-json\/wp\/v2\/lsvr_event\/3182\/revisions\/3527"}],"wp:featuredmedia":[{"embeddable":true,"href":"https:\/\/www.alescaa.fr\/index.php\/wp-json\/wp\/v2\/media\/3183"}],"wp:attachment":[{"href":"https:\/\/www.alescaa.fr\/index.php\/wp-json\/wp\/v2\/media?parent=3182"}],"wp:term":[{"taxonomy":"lsvr_event_cat","embeddable":true,"href":"https:\/\/www.alescaa.fr\/index.php\/wp-json\/wp\/v2\/lsvr_event_cat?post=3182"},{"taxonomy":"lsvr_event_tag","embeddable":true,"href":"https:\/\/www.alescaa.fr\/index.php\/wp-json\/wp\/v2\/lsvr_event_tag?post=3182"}],"curies":[{"name":"wp","href":"https:\/\/api.w.org\/{rel}","templated":true}]}}

<p>De 10h à 19h : ateliers participatifs, animations, marché éco-responsable</p>



<p>De 15h à 23h : Concerts</p>



<p>Entrée gratuite, restauration et buvette sur place</p>

<p>De 10h à 19h : ateliers participatifs, animations, marché éco-responsable De 15h à 23h : Concerts Entrée gratuite, restauration et buvette sur place</p>

<!-- This site is optimized with the Yoast SEO plugin v21.8.1 - https://yoast.com/wordpress/plugins/seo/ -->
<title>Festival de l&#039;environnement 2022 - A.L.E.S.C.A.A.</title>
<meta name="robots" content="index, follow, max-snippet:-1, max-image-preview:large, max-video-preview:-1" />
<link rel="canonical" href="https://www.alescaa.fr/index.php/events/festival-de-lenvironnement-2022/" />
<meta property="og:locale" content="fr_FR" />
<meta property="og:type" content="article" />
<meta property="og:title" content="Festival de l&#039;environnement 2022 - A.L.E.S.C.A.A." />
<meta property="og:description" content="De 10h à 19h : ateliers participatifs, animations, marché éco-responsable De 15h à 23h : Concerts Entrée gratuite, restauration et buvette sur place" />
<meta property="og:url" content="https://www.alescaa.fr/index.php/events/festival-de-lenvironnement-2022/" />
<meta property="og:site_name" content="A.L.E.S.C.A.A." />
<meta property="article:modified_time" content="2022-06-30T12:55:26+00:00" />
<meta property="og:image" content="https://www.alescaa.fr/wp-content/uploads/2021/11/245433633_100517179088700_2722900193351670113_n.jpg" />
	<meta property="og:image:width" content="960" />
	<meta property="og:image:height" content="1359" />
	<meta property="og:image:type" content="image/jpeg" />
<meta name="twitter:card" content="summary_large_image" />
<script type="application/ld+json" class="yoast-schema-graph">{"@context":"https://schema.org","@graph":[{"@type":"WebPage","@id":"https://www.alescaa.fr/index.php/events/festival-de-lenvironnement-2022/","url":"https://www.alescaa.fr/index.php/events/festival-de-lenvironnement-2022/","name":"Festival de l'environnement 2022 - A.L.E.S.C.A.A.","isPartOf":{"@id":"https://www.alescaa.fr/#website"},"datePublished":"2021-12-22T13:00:27+00:00","dateModified":"2022-06-30T12:55:26+00:00","breadcrumb":{"@id":"https://www.alescaa.fr/index.php/events/festival-de-lenvironnement-2022/#breadcrumb"},"inLanguage":"fr-FR","potentialAction":[{"@type":"ReadAction","target":["https://www.alescaa.fr/index.php/events/festival-de-lenvironnement-2022/"]}]},{"@type":"BreadcrumbList","@id":"https://www.alescaa.fr/index.php/events/festival-de-lenvironnement-2022/#breadcrumb","itemListElement":[{"@type":"ListItem","position":1,"name":"Accueil","item":"https://www.alescaa.fr/"},{"@type":"ListItem","position":2,"name":"Événements","item":"https://www.alescaa.fr/index.php/events/"},{"@type":"ListItem","position":3,"name":"Festival de l&rsquo;environnement 2022"}]},{"@type":"WebSite","@id":"https://www.alescaa.fr/#website","url":"https://www.alescaa.fr/","name":"A.L.E.S.C.A.A.","description":"Amicale Laïque Educative Sportive et Culturelle d&#039;Autheuil-Authouillet","publisher":{"@id":"https://www.alescaa.fr/#organization"},"potentialAction":[{"@type":"SearchAction","target":{"@type":"EntryPoint","urlTemplate":"https://www.alescaa.fr/?s={search_term_string}"},"query-input":"required name=search_term_string"}],"inLanguage":"fr-FR"},{"@type":"Organization","@id":"https://www.alescaa.fr/#organization","name":"A.L.E.S.C.A.A.","url":"https://www.alescaa.fr/","logo":{"@type":"ImageObject","inLanguage":"fr-FR","@id":"https://www.alescaa.fr/#/schema/logo/image/","url":"https://www.alescaa.fr/wp-content/uploads/2022/02/Logo-Alescaa-2022.png","contentUrl":"https://www.alescaa.fr/wp-content/uploads/2022/02/Logo-Alescaa-2022.png","width":512,"height":482,"caption":"A.L.E.S.C.A.A."},"image":{"@id":"https://www.alescaa.fr/#/schema/logo/image/"}}]}</script>
<!-- / Yoast SEO plugin. -->

De 10h à 19h : ateliers participatifs, animations, marché éco-responsable De 15h à 23h : Concerts Entrée gratuite, restauration et buvette sur place

Événements

Amicale Laïque Educative Sportive et Culturelle d&#039;Autheuil-Authouillet
