{"id":4925,"date":"2023-12-14T14:06:00","date_gmt":"2023-12-14T13:06:00","guid":{"rendered":"https:\/\/www.alescaa.fr\/?post_type=lsvr_event&#038;p=4925"},"modified":"2023-12-14T14:06:01","modified_gmt":"2023-12-14T13:06:01","slug":"reunion-alescaa-2","status":"publish","type":"lsvr_event","link":"https:\/\/www.alescaa.fr\/index.php\/events\/reunion-alescaa-2\/","title":{"rendered":"R\u00e9union ALESCAA"},"content":{"rendered":"\n<p>Objet : Pr\u00e9paration de la Foire \u00e0 Tout<\/p>\n","protected":false},"excerpt":{"rendered":"<p>Objet : Pr\u00e9paration de la Foire \u00e0 Tout<\/p>\n","protected":false},"author":3,"featured_media":0,"template":"","meta":[],"lsvr_event_cat":[],"lsvr_event_tag":[],"yoast_head":"<!-- This site is optimized with the Yoast SEO plugin v21.8.1 - https:\/\/yoast.com\/wordpress\/plugins\/seo\/ -->\n<title>R\u00e9union ALESCAA - A.L.E.S.C.A.A.<\/title>\n<meta name=\"robots\" content=\"index, follow, max-snippet:-1, max-image-preview:large, max-video-preview:-1\" \/>\n<link rel=\"canonical\" href=\"https:\/\/www.alescaa.fr\/index.php\/events\/reunion-alescaa-2\/\" \/>\n<meta property=\"og:locale\" content=\"fr_FR\" \/>\n<meta property=\"og:type\" content=\"article\" \/>\n<meta property=\"og:title\" content=\"R\u00e9union ALESCAA - A.L.E.S.C.A.A.\" \/>\n<meta property=\"og:description\" content=\"Objet : Pr\u00e9paration de la Foire \u00e0 Tout\" \/>\n<meta property=\"og:url\" content=\"https:\/\/www.alescaa.fr\/index.php\/events\/reunion-alescaa-2\/\" \/>\n<meta property=\"og:site_name\" content=\"A.L.E.S.C.A.A.\" \/>\n<meta property=\"article:modified_time\" content=\"2023-12-14T13:06:01+00:00\" \/>\n<meta name=\"twitter:card\" content=\"summary_large_image\" \/>\n<meta name=\"twitter:label1\" content=\"Dur\u00e9e de lecture estim\u00e9e\" \/>\n\t<meta name=\"twitter:data1\" content=\"1 minute\" \/>\n<script type=\"application\/ld+json\" class=\"yoast-schema-graph\">{\"@context\":\"https:\/\/schema.org\",\"@graph\":[{\"@type\":\"WebPage\",\"@id\":\"https:\/\/www.alescaa.fr\/index.php\/events\/reunion-alescaa-2\/\",\"url\":\"https:\/\/www.alescaa.fr\/index.php\/events\/reunion-alescaa-2\/\",\"name\":\"R\u00e9union ALESCAA - A.L.E.S.C.A.A.\",\"isPartOf\":{\"@id\":\"https:\/\/www.alescaa.fr\/#website\"},\"datePublished\":\"2023-12-14T13:06:00+00:00\",\"dateModified\":\"2023-12-14T13:06:01+00:00\",\"breadcrumb\":{\"@id\":\"https:\/\/www.alescaa.fr\/index.php\/events\/reunion-alescaa-2\/#breadcrumb\"},\"inLanguage\":\"fr-FR\",\"potentialAction\":[{\"@type\":\"ReadAction\",\"target\":[\"https:\/\/www.alescaa.fr\/index.php\/events\/reunion-alescaa-2\/\"]}]},{\"@type\":\"BreadcrumbList\",\"@id\":\"https:\/\/www.alescaa.fr\/index.php\/events\/reunion-alescaa-2\/#breadcrumb\",\"itemListElement\":[{\"@type\":\"ListItem\",\"position\":1,\"name\":\"Accueil\",\"item\":\"https:\/\/www.alescaa.fr\/\"},{\"@type\":\"ListItem\",\"position\":2,\"name\":\"\u00c9v\u00e9nements\",\"item\":\"https:\/\/www.alescaa.fr\/index.php\/events\/\"},{\"@type\":\"ListItem\",\"position\":3,\"name\":\"R\u00e9union ALESCAA\"}]},{\"@type\":\"WebSite\",\"@id\":\"https:\/\/www.alescaa.fr\/#website\",\"url\":\"https:\/\/www.alescaa.fr\/\",\"name\":\"A.L.E.S.C.A.A.\",\"description\":\"Amicale La\u00efque Educative Sportive et Culturelle d&#039;Autheuil-Authouillet\",\"publisher\":{\"@id\":\"https:\/\/www.alescaa.fr\/#organization\"},\"potentialAction\":[{\"@type\":\"SearchAction\",\"target\":{\"@type\":\"EntryPoint\",\"urlTemplate\":\"https:\/\/www.alescaa.fr\/?s={search_term_string}\"},\"query-input\":\"required name=search_term_string\"}],\"inLanguage\":\"fr-FR\"},{\"@type\":\"Organization\",\"@id\":\"https:\/\/www.alescaa.fr\/#organization\",\"name\":\"A.L.E.S.C.A.A.\",\"url\":\"https:\/\/www.alescaa.fr\/\",\"logo\":{\"@type\":\"ImageObject\",\"inLanguage\":\"fr-FR\",\"@id\":\"https:\/\/www.alescaa.fr\/#\/schema\/logo\/image\/\",\"url\":\"https:\/\/www.alescaa.fr\/wp-content\/uploads\/2022\/02\/Logo-Alescaa-2022.png\",\"contentUrl\":\"https:\/\/www.alescaa.fr\/wp-content\/uploads\/2022\/02\/Logo-Alescaa-2022.png\",\"width\":512,\"height\":482,\"caption\":\"A.L.E.S.C.A.A.\"},\"image\":{\"@id\":\"https:\/\/www.alescaa.fr\/#\/schema\/logo\/image\/\"}}]}<\/script>\n<!-- \/ Yoast SEO plugin. -->","yoast_head_json":{"title":"R\u00e9union ALESCAA - A.L.E.S.C.A.A.","robots":{"index":"index","follow":"follow","max-snippet":"max-snippet:-1","max-image-preview":"max-image-preview:large","max-video-preview":"max-video-preview:-1"},"canonical":"https:\/\/www.alescaa.fr\/index.php\/events\/reunion-alescaa-2\/","og_locale":"fr_FR","og_type":"article","og_title":"R\u00e9union ALESCAA - A.L.E.S.C.A.A.","og_description":"Objet : Pr\u00e9paration de la Foire \u00e0 Tout","og_url":"https:\/\/www.alescaa.fr\/index.php\/events\/reunion-alescaa-2\/","og_site_name":"A.L.E.S.C.A.A.","article_modified_time":"2023-12-14T13:06:01+00:00","twitter_card":"summary_large_image","twitter_misc":{"Dur\u00e9e de lecture estim\u00e9e":"1 minute"},"schema":{"@context":"https:\/\/schema.org","@graph":[{"@type":"WebPage","@id":"https:\/\/www.alescaa.fr\/index.php\/events\/reunion-alescaa-2\/","url":"https:\/\/www.alescaa.fr\/index.php\/events\/reunion-alescaa-2\/","name":"R\u00e9union ALESCAA - A.L.E.S.C.A.A.","isPartOf":{"@id":"https:\/\/www.alescaa.fr\/#website"},"datePublished":"2023-12-14T13:06:00+00:00","dateModified":"2023-12-14T13:06:01+00:00","breadcrumb":{"@id":"https:\/\/www.alescaa.fr\/index.php\/events\/reunion-alescaa-2\/#breadcrumb"},"inLanguage":"fr-FR","potentialAction":[{"@type":"ReadAction","target":["https:\/\/www.alescaa.fr\/index.php\/events\/reunion-alescaa-2\/"]}]},{"@type":"BreadcrumbList","@id":"https:\/\/www.alescaa.fr\/index.php\/events\/reunion-alescaa-2\/#breadcrumb","itemListElement":[{"@type":"ListItem","position":1,"name":"Accueil","item":"https:\/\/www.alescaa.fr\/"},{"@type":"ListItem","position":2,"name":"\u00c9v\u00e9nements","item":"https:\/\/www.alescaa.fr\/index.php\/events\/"},{"@type":"ListItem","position":3,"name":"R\u00e9union ALESCAA"}]},{"@type":"WebSite","@id":"https:\/\/www.alescaa.fr\/#website","url":"https:\/\/www.alescaa.fr\/","name":"A.L.E.S.C.A.A.","description":"Amicale La\u00efque Educative Sportive et Culturelle d&#039;Autheuil-Authouillet","publisher":{"@id":"https:\/\/www.alescaa.fr\/#organization"},"potentialAction":[{"@type":"SearchAction","target":{"@type":"EntryPoint","urlTemplate":"https:\/\/www.alescaa.fr\/?s={search_term_string}"},"query-input":"required name=search_term_string"}],"inLanguage":"fr-FR"},{"@type":"Organization","@id":"https:\/\/www.alescaa.fr\/#organization","name":"A.L.E.S.C.A.A.","url":"https:\/\/www.alescaa.fr\/","logo":{"@type":"ImageObject","inLanguage":"fr-FR","@id":"https:\/\/www.alescaa.fr\/#\/schema\/logo\/image\/","url":"https:\/\/www.alescaa.fr\/wp-content\/uploads\/2022\/02\/Logo-Alescaa-2022.png","contentUrl":"https:\/\/www.alescaa.fr\/wp-content\/uploads\/2022\/02\/Logo-Alescaa-2022.png","width":512,"height":482,"caption":"A.L.E.S.C.A.A."},"image":{"@id":"https:\/\/www.alescaa.fr\/#\/schema\/logo\/image\/"}}]}},"_links":{"self":[{"href":"https:\/\/www.alescaa.fr\/index.php\/wp-json\/wp\/v2\/lsvr_event\/4925"}],"collection":[{"href":"https:\/\/www.alescaa.fr\/index.php\/wp-json\/wp\/v2\/lsvr_event"}],"about":[{"href":"https:\/\/www.alescaa.fr\/index.php\/wp-json\/wp\/v2\/types\/lsvr_event"}],"author":[{"embeddable":true,"href":"https:\/\/www.alescaa.fr\/index.php\/wp-json\/wp\/v2\/users\/3"}],"version-history":[{"count":1,"href":"https:\/\/www.alescaa.fr\/index.php\/wp-json\/wp\/v2\/lsvr_event\/4925\/revisions"}],"predecessor-version":[{"id":4926,"href":"https:\/\/www.alescaa.fr\/index.php\/wp-json\/wp\/v2\/lsvr_event\/4925\/revisions\/4926"}],"wp:attachment":[{"href":"https:\/\/www.alescaa.fr\/index.php\/wp-json\/wp\/v2\/media?parent=4925"}],"wp:term":[{"taxonomy":"lsvr_event_cat","embeddable":true,"href":"https:\/\/www.alescaa.fr\/index.php\/wp-json\/wp\/v2\/lsvr_event_cat?post=4925"},{"taxonomy":"lsvr_event_tag","embeddable":true,"href":"https:\/\/www.alescaa.fr\/index.php\/wp-json\/wp\/v2\/lsvr_event_tag?post=4925"}],"curies":[{"name":"wp","href":"https:\/\/api.w.org\/{rel}","templated":true}]}}

Réunion ALESCAA

<p>Objet : Préparation de la Foire à Tout</p>

<!-- This site is optimized with the Yoast SEO plugin v21.8.1 - https://yoast.com/wordpress/plugins/seo/ -->
<title>Réunion ALESCAA - A.L.E.S.C.A.A.</title>
<meta name="robots" content="index, follow, max-snippet:-1, max-image-preview:large, max-video-preview:-1" />
<link rel="canonical" href="https://www.alescaa.fr/index.php/events/reunion-alescaa-2/" />
<meta property="og:locale" content="fr_FR" />
<meta property="og:type" content="article" />
<meta property="og:title" content="Réunion ALESCAA - A.L.E.S.C.A.A." />
<meta property="og:description" content="Objet : Préparation de la Foire à Tout" />
<meta property="og:url" content="https://www.alescaa.fr/index.php/events/reunion-alescaa-2/" />
<meta property="og:site_name" content="A.L.E.S.C.A.A." />
<meta property="article:modified_time" content="2023-12-14T13:06:01+00:00" />
<meta name="twitter:card" content="summary_large_image" />
<meta name="twitter:label1" content="Durée de lecture estimée" />
	<meta name="twitter:data1" content="1 minute" />
<script type="application/ld+json" class="yoast-schema-graph">{"@context":"https://schema.org","@graph":[{"@type":"WebPage","@id":"https://www.alescaa.fr/index.php/events/reunion-alescaa-2/","url":"https://www.alescaa.fr/index.php/events/reunion-alescaa-2/","name":"Réunion ALESCAA - A.L.E.S.C.A.A.","isPartOf":{"@id":"https://www.alescaa.fr/#website"},"datePublished":"2023-12-14T13:06:00+00:00","dateModified":"2023-12-14T13:06:01+00:00","breadcrumb":{"@id":"https://www.alescaa.fr/index.php/events/reunion-alescaa-2/#breadcrumb"},"inLanguage":"fr-FR","potentialAction":[{"@type":"ReadAction","target":["https://www.alescaa.fr/index.php/events/reunion-alescaa-2/"]}]},{"@type":"BreadcrumbList","@id":"https://www.alescaa.fr/index.php/events/reunion-alescaa-2/#breadcrumb","itemListElement":[{"@type":"ListItem","position":1,"name":"Accueil","item":"https://www.alescaa.fr/"},{"@type":"ListItem","position":2,"name":"Événements","item":"https://www.alescaa.fr/index.php/events/"},{"@type":"ListItem","position":3,"name":"Réunion ALESCAA"}]},{"@type":"WebSite","@id":"https://www.alescaa.fr/#website","url":"https://www.alescaa.fr/","name":"A.L.E.S.C.A.A.","description":"Amicale Laïque Educative Sportive et Culturelle d&#039;Autheuil-Authouillet","publisher":{"@id":"https://www.alescaa.fr/#organization"},"potentialAction":[{"@type":"SearchAction","target":{"@type":"EntryPoint","urlTemplate":"https://www.alescaa.fr/?s={search_term_string}"},"query-input":"required name=search_term_string"}],"inLanguage":"fr-FR"},{"@type":"Organization","@id":"https://www.alescaa.fr/#organization","name":"A.L.E.S.C.A.A.","url":"https://www.alescaa.fr/","logo":{"@type":"ImageObject","inLanguage":"fr-FR","@id":"https://www.alescaa.fr/#/schema/logo/image/","url":"https://www.alescaa.fr/wp-content/uploads/2022/02/Logo-Alescaa-2022.png","contentUrl":"https://www.alescaa.fr/wp-content/uploads/2022/02/Logo-Alescaa-2022.png","width":512,"height":482,"caption":"A.L.E.S.C.A.A."},"image":{"@id":"https://www.alescaa.fr/#/schema/logo/image/"}}]}</script>
<!-- / Yoast SEO plugin. -->

Réunion ALESCAA - A.L.E.S.C.A.A.

Objet : Préparation de la Foire à Tout

Événements

Amicale Laïque Educative Sportive et Culturelle d&#039;Autheuil-Authouillet
