{"id":5281,"date":"2025-10-03T10:57:18","date_gmt":"2025-10-03T08:57:18","guid":{"rendered":"https:\/\/www.alescaa.fr\/?post_type=lsvr_event&#038;p=5281"},"modified":"2025-10-03T10:58:07","modified_gmt":"2025-10-03T08:58:07","slug":"marche-de-noel","status":"publish","type":"lsvr_event","link":"https:\/\/www.alescaa.fr\/index.php\/events\/marche-de-noel\/","title":{"rendered":"March\u00e9 de No\u00ebl"},"content":{"rendered":"\n<p>Ouvert \u00e0 tous<\/p>\n\n\n\n<p>Inscription exposants : 06.81.42.13.14 ou 06.81.34.31.68<\/p>\n\n\n\n<p>Buvette &#8211; cr\u00eapes &amp; gaufres<\/p>\n","protected":false},"excerpt":{"rendered":"<p>Ouvert \u00e0 tous Inscription exposants : 06.81.42.13.14 ou 06.81.34.31.68 Buvette &#8211; cr\u00eapes &amp; gaufres<\/p>\n","protected":false},"author":3,"featured_media":5268,"template":"","meta":[],"lsvr_event_cat":[],"lsvr_event_tag":[],"yoast_head":"<!-- This site is optimized with the Yoast SEO plugin v21.8.1 - https:\/\/yoast.com\/wordpress\/plugins\/seo\/ -->\n<title>March\u00e9 de No\u00ebl - A.L.E.S.C.A.A.<\/title>\n<meta name=\"robots\" content=\"index, follow, max-snippet:-1, max-image-preview:large, max-video-preview:-1\" \/>\n<link rel=\"canonical\" href=\"https:\/\/www.alescaa.fr\/index.php\/events\/marche-de-noel\/\" \/>\n<meta property=\"og:locale\" content=\"fr_FR\" \/>\n<meta property=\"og:type\" content=\"article\" \/>\n<meta property=\"og:title\" content=\"March\u00e9 de No\u00ebl - A.L.E.S.C.A.A.\" \/>\n<meta property=\"og:description\" content=\"Ouvert \u00e0 tous Inscription exposants : 06.81.42.13.14 ou 06.81.34.31.68 Buvette &#8211; cr\u00eapes &amp; gaufres\" \/>\n<meta property=\"og:url\" content=\"https:\/\/www.alescaa.fr\/index.php\/events\/marche-de-noel\/\" \/>\n<meta property=\"og:site_name\" content=\"A.L.E.S.C.A.A.\" \/>\n<meta property=\"article:modified_time\" content=\"2025-10-03T08:58:07+00:00\" \/>\n<meta property=\"og:image\" content=\"https:\/\/www.alescaa.fr\/wp-content\/uploads\/2025\/10\/Noel-2025-Marche-de-Noel.jpg\" \/>\n\t<meta property=\"og:image:width\" content=\"1131\" \/>\n\t<meta property=\"og:image:height\" content=\"1600\" \/>\n\t<meta property=\"og:image:type\" content=\"image\/jpeg\" \/>\n<meta name=\"twitter:card\" content=\"summary_large_image\" \/>\n<meta name=\"twitter:label1\" content=\"Dur\u00e9e de lecture estim\u00e9e\" \/>\n\t<meta name=\"twitter:data1\" content=\"1 minute\" \/>\n<script type=\"application\/ld+json\" class=\"yoast-schema-graph\">{\"@context\":\"https:\/\/schema.org\",\"@graph\":[{\"@type\":\"WebPage\",\"@id\":\"https:\/\/www.alescaa.fr\/index.php\/events\/marche-de-noel\/\",\"url\":\"https:\/\/www.alescaa.fr\/index.php\/events\/marche-de-noel\/\",\"name\":\"March\u00e9 de No\u00ebl - A.L.E.S.C.A.A.\",\"isPartOf\":{\"@id\":\"https:\/\/www.alescaa.fr\/#website\"},\"datePublished\":\"2025-10-03T08:57:18+00:00\",\"dateModified\":\"2025-10-03T08:58:07+00:00\",\"breadcrumb\":{\"@id\":\"https:\/\/www.alescaa.fr\/index.php\/events\/marche-de-noel\/#breadcrumb\"},\"inLanguage\":\"fr-FR\",\"potentialAction\":[{\"@type\":\"ReadAction\",\"target\":[\"https:\/\/www.alescaa.fr\/index.php\/events\/marche-de-noel\/\"]}]},{\"@type\":\"BreadcrumbList\",\"@id\":\"https:\/\/www.alescaa.fr\/index.php\/events\/marche-de-noel\/#breadcrumb\",\"itemListElement\":[{\"@type\":\"ListItem\",\"position\":1,\"name\":\"Accueil\",\"item\":\"https:\/\/www.alescaa.fr\/\"},{\"@type\":\"ListItem\",\"position\":2,\"name\":\"\u00c9v\u00e9nements\",\"item\":\"https:\/\/www.alescaa.fr\/index.php\/events\/\"},{\"@type\":\"ListItem\",\"position\":3,\"name\":\"March\u00e9 de No\u00ebl\"}]},{\"@type\":\"WebSite\",\"@id\":\"https:\/\/www.alescaa.fr\/#website\",\"url\":\"https:\/\/www.alescaa.fr\/\",\"name\":\"A.L.E.S.C.A.A.\",\"description\":\"Amicale La\u00efque Educative Sportive et Culturelle d&#039;Autheuil-Authouillet\",\"publisher\":{\"@id\":\"https:\/\/www.alescaa.fr\/#organization\"},\"potentialAction\":[{\"@type\":\"SearchAction\",\"target\":{\"@type\":\"EntryPoint\",\"urlTemplate\":\"https:\/\/www.alescaa.fr\/?s={search_term_string}\"},\"query-input\":\"required name=search_term_string\"}],\"inLanguage\":\"fr-FR\"},{\"@type\":\"Organization\",\"@id\":\"https:\/\/www.alescaa.fr\/#organization\",\"name\":\"A.L.E.S.C.A.A.\",\"url\":\"https:\/\/www.alescaa.fr\/\",\"logo\":{\"@type\":\"ImageObject\",\"inLanguage\":\"fr-FR\",\"@id\":\"https:\/\/www.alescaa.fr\/#\/schema\/logo\/image\/\",\"url\":\"https:\/\/www.alescaa.fr\/wp-content\/uploads\/2022\/02\/Logo-Alescaa-2022.png\",\"contentUrl\":\"https:\/\/www.alescaa.fr\/wp-content\/uploads\/2022\/02\/Logo-Alescaa-2022.png\",\"width\":512,\"height\":482,\"caption\":\"A.L.E.S.C.A.A.\"},\"image\":{\"@id\":\"https:\/\/www.alescaa.fr\/#\/schema\/logo\/image\/\"}}]}<\/script>\n<!-- \/ Yoast SEO plugin. -->","yoast_head_json":{"title":"March\u00e9 de No\u00ebl - A.L.E.S.C.A.A.","robots":{"index":"index","follow":"follow","max-snippet":"max-snippet:-1","max-image-preview":"max-image-preview:large","max-video-preview":"max-video-preview:-1"},"canonical":"https:\/\/www.alescaa.fr\/index.php\/events\/marche-de-noel\/","og_locale":"fr_FR","og_type":"article","og_title":"March\u00e9 de No\u00ebl - A.L.E.S.C.A.A.","og_description":"Ouvert \u00e0 tous Inscription exposants : 06.81.42.13.14 ou 06.81.34.31.68 Buvette &#8211; cr\u00eapes &amp; gaufres","og_url":"https:\/\/www.alescaa.fr\/index.php\/events\/marche-de-noel\/","og_site_name":"A.L.E.S.C.A.A.","article_modified_time":"2025-10-03T08:58:07+00:00","og_image":[{"width":1131,"height":1600,"url":"https:\/\/www.alescaa.fr\/wp-content\/uploads\/2025\/10\/Noel-2025-Marche-de-Noel.jpg","type":"image\/jpeg"}],"twitter_card":"summary_large_image","twitter_misc":{"Dur\u00e9e de lecture estim\u00e9e":"1 minute"},"schema":{"@context":"https:\/\/schema.org","@graph":[{"@type":"WebPage","@id":"https:\/\/www.alescaa.fr\/index.php\/events\/marche-de-noel\/","url":"https:\/\/www.alescaa.fr\/index.php\/events\/marche-de-noel\/","name":"March\u00e9 de No\u00ebl - A.L.E.S.C.A.A.","isPartOf":{"@id":"https:\/\/www.alescaa.fr\/#website"},"datePublished":"2025-10-03T08:57:18+00:00","dateModified":"2025-10-03T08:58:07+00:00","breadcrumb":{"@id":"https:\/\/www.alescaa.fr\/index.php\/events\/marche-de-noel\/#breadcrumb"},"inLanguage":"fr-FR","potentialAction":[{"@type":"ReadAction","target":["https:\/\/www.alescaa.fr\/index.php\/events\/marche-de-noel\/"]}]},{"@type":"BreadcrumbList","@id":"https:\/\/www.alescaa.fr\/index.php\/events\/marche-de-noel\/#breadcrumb","itemListElement":[{"@type":"ListItem","position":1,"name":"Accueil","item":"https:\/\/www.alescaa.fr\/"},{"@type":"ListItem","position":2,"name":"\u00c9v\u00e9nements","item":"https:\/\/www.alescaa.fr\/index.php\/events\/"},{"@type":"ListItem","position":3,"name":"March\u00e9 de No\u00ebl"}]},{"@type":"WebSite","@id":"https:\/\/www.alescaa.fr\/#website","url":"https:\/\/www.alescaa.fr\/","name":"A.L.E.S.C.A.A.","description":"Amicale La\u00efque Educative Sportive et Culturelle d&#039;Autheuil-Authouillet","publisher":{"@id":"https:\/\/www.alescaa.fr\/#organization"},"potentialAction":[{"@type":"SearchAction","target":{"@type":"EntryPoint","urlTemplate":"https:\/\/www.alescaa.fr\/?s={search_term_string}"},"query-input":"required name=search_term_string"}],"inLanguage":"fr-FR"},{"@type":"Organization","@id":"https:\/\/www.alescaa.fr\/#organization","name":"A.L.E.S.C.A.A.","url":"https:\/\/www.alescaa.fr\/","logo":{"@type":"ImageObject","inLanguage":"fr-FR","@id":"https:\/\/www.alescaa.fr\/#\/schema\/logo\/image\/","url":"https:\/\/www.alescaa.fr\/wp-content\/uploads\/2022\/02\/Logo-Alescaa-2022.png","contentUrl":"https:\/\/www.alescaa.fr\/wp-content\/uploads\/2022\/02\/Logo-Alescaa-2022.png","width":512,"height":482,"caption":"A.L.E.S.C.A.A."},"image":{"@id":"https:\/\/www.alescaa.fr\/#\/schema\/logo\/image\/"}}]}},"_links":{"self":[{"href":"https:\/\/www.alescaa.fr\/index.php\/wp-json\/wp\/v2\/lsvr_event\/5281"}],"collection":[{"href":"https:\/\/www.alescaa.fr\/index.php\/wp-json\/wp\/v2\/lsvr_event"}],"about":[{"href":"https:\/\/www.alescaa.fr\/index.php\/wp-json\/wp\/v2\/types\/lsvr_event"}],"author":[{"embeddable":true,"href":"https:\/\/www.alescaa.fr\/index.php\/wp-json\/wp\/v2\/users\/3"}],"version-history":[{"count":1,"href":"https:\/\/www.alescaa.fr\/index.php\/wp-json\/wp\/v2\/lsvr_event\/5281\/revisions"}],"predecessor-version":[{"id":5282,"href":"https:\/\/www.alescaa.fr\/index.php\/wp-json\/wp\/v2\/lsvr_event\/5281\/revisions\/5282"}],"wp:featuredmedia":[{"embeddable":true,"href":"https:\/\/www.alescaa.fr\/index.php\/wp-json\/wp\/v2\/media\/5268"}],"wp:attachment":[{"href":"https:\/\/www.alescaa.fr\/index.php\/wp-json\/wp\/v2\/media?parent=5281"}],"wp:term":[{"taxonomy":"lsvr_event_cat","embeddable":true,"href":"https:\/\/www.alescaa.fr\/index.php\/wp-json\/wp\/v2\/lsvr_event_cat?post=5281"},{"taxonomy":"lsvr_event_tag","embeddable":true,"href":"https:\/\/www.alescaa.fr\/index.php\/wp-json\/wp\/v2\/lsvr_event_tag?post=5281"}],"curies":[{"name":"wp","href":"https:\/\/api.w.org\/{rel}","templated":true}]}}

Marché de Noël

<p>Ouvert à tous</p>



<p>Inscription exposants : 06.81.42.13.14 ou 06.81.34.31.68</p>



<p>Buvette &#8211; crêpes &amp; gaufres</p>

<p>Ouvert à tous Inscription exposants : 06.81.42.13.14 ou 06.81.34.31.68 Buvette &#8211; crêpes &amp; gaufres</p>

<!-- This site is optimized with the Yoast SEO plugin v21.8.1 - https://yoast.com/wordpress/plugins/seo/ -->
<title>Marché de Noël - A.L.E.S.C.A.A.</title>
<meta name="robots" content="index, follow, max-snippet:-1, max-image-preview:large, max-video-preview:-1" />
<link rel="canonical" href="https://www.alescaa.fr/index.php/events/marche-de-noel/" />
<meta property="og:locale" content="fr_FR" />
<meta property="og:type" content="article" />
<meta property="og:title" content="Marché de Noël - A.L.E.S.C.A.A." />
<meta property="og:description" content="Ouvert à tous Inscription exposants : 06.81.42.13.14 ou 06.81.34.31.68 Buvette &#8211; crêpes &amp; gaufres" />
<meta property="og:url" content="https://www.alescaa.fr/index.php/events/marche-de-noel/" />
<meta property="og:site_name" content="A.L.E.S.C.A.A." />
<meta property="article:modified_time" content="2025-10-03T08:58:07+00:00" />
<meta property="og:image" content="https://www.alescaa.fr/wp-content/uploads/2025/10/Noel-2025-Marche-de-Noel.jpg" />
	<meta property="og:image:width" content="1131" />
	<meta property="og:image:height" content="1600" />
	<meta property="og:image:type" content="image/jpeg" />
<meta name="twitter:card" content="summary_large_image" />
<meta name="twitter:label1" content="Durée de lecture estimée" />
	<meta name="twitter:data1" content="1 minute" />
<script type="application/ld+json" class="yoast-schema-graph">{"@context":"https://schema.org","@graph":[{"@type":"WebPage","@id":"https://www.alescaa.fr/index.php/events/marche-de-noel/","url":"https://www.alescaa.fr/index.php/events/marche-de-noel/","name":"Marché de Noël - A.L.E.S.C.A.A.","isPartOf":{"@id":"https://www.alescaa.fr/#website"},"datePublished":"2025-10-03T08:57:18+00:00","dateModified":"2025-10-03T08:58:07+00:00","breadcrumb":{"@id":"https://www.alescaa.fr/index.php/events/marche-de-noel/#breadcrumb"},"inLanguage":"fr-FR","potentialAction":[{"@type":"ReadAction","target":["https://www.alescaa.fr/index.php/events/marche-de-noel/"]}]},{"@type":"BreadcrumbList","@id":"https://www.alescaa.fr/index.php/events/marche-de-noel/#breadcrumb","itemListElement":[{"@type":"ListItem","position":1,"name":"Accueil","item":"https://www.alescaa.fr/"},{"@type":"ListItem","position":2,"name":"Événements","item":"https://www.alescaa.fr/index.php/events/"},{"@type":"ListItem","position":3,"name":"Marché de Noël"}]},{"@type":"WebSite","@id":"https://www.alescaa.fr/#website","url":"https://www.alescaa.fr/","name":"A.L.E.S.C.A.A.","description":"Amicale Laïque Educative Sportive et Culturelle d&#039;Autheuil-Authouillet","publisher":{"@id":"https://www.alescaa.fr/#organization"},"potentialAction":[{"@type":"SearchAction","target":{"@type":"EntryPoint","urlTemplate":"https://www.alescaa.fr/?s={search_term_string}"},"query-input":"required name=search_term_string"}],"inLanguage":"fr-FR"},{"@type":"Organization","@id":"https://www.alescaa.fr/#organization","name":"A.L.E.S.C.A.A.","url":"https://www.alescaa.fr/","logo":{"@type":"ImageObject","inLanguage":"fr-FR","@id":"https://www.alescaa.fr/#/schema/logo/image/","url":"https://www.alescaa.fr/wp-content/uploads/2022/02/Logo-Alescaa-2022.png","contentUrl":"https://www.alescaa.fr/wp-content/uploads/2022/02/Logo-Alescaa-2022.png","width":512,"height":482,"caption":"A.L.E.S.C.A.A."},"image":{"@id":"https://www.alescaa.fr/#/schema/logo/image/"}}]}</script>
<!-- / Yoast SEO plugin. -->

Marché de Noël - A.L.E.S.C.A.A.

Ouvert à tous Inscription exposants : 06.81.42.13.14 ou 06.81.34.31.68 Buvette &#8211; crêpes &amp; gaufres

Événements

Amicale Laïque Educative Sportive et Culturelle d&#039;Autheuil-Authouillet
