{"id":3239,"date":"2021-11-27T12:49:54","date_gmt":"2021-11-27T11:49:54","guid":{"rendered":"http:\/\/alescaa.fr\/?page_id=3239"},"modified":"2025-02-02T20:58:41","modified_gmt":"2025-02-02T19:58:41","slug":"reglement-de-la-foire-a-tout","status":"publish","type":"page","link":"https:\/\/www.alescaa.fr\/index.php\/reglement-de-la-foire-a-tout\/","title":{"rendered":"R\u00e8glement de la Foire \u00e0 Tout"},"content":{"rendered":"\n<p><strong>Article 1<\/strong>\u00a0: la foire \u00e0 tout est un \u00e9v\u00e8nement annuel organis\u00e9 par l\u2019association ALESCAA le <strong>dimanche de P\u00e2ques<\/strong>. Elle est ouverte aux particuliers et aux professionnels suivant la r\u00e9glementation en vigueur. Elle se d\u00e9roule dans les rues du village. Les emplacements de d\u00e9ballage sont mat\u00e9rialis\u00e9s par les lignes blanches en pl\u00e2tre. Toutes personnes exposant \u00e0 l\u2019ext\u00e9rieur de ces limites seront contraintes de ne pas d\u00e9baller. Il vous est demand\u00e9 de laisser un espace de circulation d&rsquo;urgence de 4m (pompier) et de respecter les propri\u00e9t\u00e9s priv\u00e9es, les riverains et la voie publique. Ce qui revient entre autres \u00e0 :<\/p>\n\n\n\n<ul>\n<li>Ne rien accrocher sur les cl\u00f4tures, barri\u00e8res, haies et autres partie privatives,<\/li>\n\n\n\n<li>Ne pas stationner devant les entr\u00e9es et acc\u00e8s qu&rsquo;ils soient mat\u00e9rialis\u00e9s d&rsquo;une croix en pl\u00e2tre au sol ou pas,<\/li>\n\n\n\n<li>Ne pas utiliser de tonnelle de plus de 4 m de profondeur.<\/li>\n<\/ul>\n\n\n\n<p>Chaque exposant devra tenir compte lors de l\u2019inscription de la longueur de son v\u00e9hicule s\u2019il souhaite le garder sur son emplacement. Dans ce cas, il devra s&rsquo;assurer qu&rsquo;il a r\u00e9serv\u00e9 une longueur d&rsquo;exposition suffisamment grande pour son v\u00e9hicule (attention \u00e0 l&rsquo;ouverture des coffres). Le cas \u00e9ch\u00e9ant, il devra d\u00e9placer son v\u00e9hicule hors de la zone de foire \u00e0 tout (4 \u00e0 5 parkings autour).<\/p>\n\n\n\n<p>Les longueurs minimales de r\u00e9servation devront respecter les valeurs suivantes :<\/p>\n\n\n\n<ul>\n<li>Voiture citadine ou berline (VL) : 5 m minimum,<\/li>\n\n\n\n<li>Voiture break ou SUV : 6 m minimum,<\/li>\n\n\n\n<li>Camion (Master, Trafic, etc.) : 7 m minimum.<\/li>\n<\/ul>\n\n\n\n<p>Certains emplacements (souvent au c\u0153ur de la foire \u00e0 tout) ne permettant pas de garder son v\u00e9hicule par manque de profondeur, l&rsquo;exposant qui souhaite en profiter pourra le faire savoir dans l&rsquo;espace commentaire du formulaire d&rsquo;inscription. Il pourra amener ses objets propos\u00e9s \u00e0 la vente avec son v\u00e9hicule, mais devra l&rsquo;\u00e9vacuer de la zone de foire avant 9h. Il sera attentif \u00e0 ne pas g\u00eaner la circulation pendant qu&rsquo;il d\u00e9charge son v\u00e9hicule.<\/p>\n\n\n\n<p>L&rsquo;organisation ne pouvant r\u00e9pondre syst\u00e9matiquement \u00e0 toutes les contraintes, elle organise les placements en fonction des besoins. Toute personne ne donnant pas toutes les informations n\u00e9cessaires \u00e0 la bonne organisation se verra d\u00e9plac\u00e9e selon les possibilit\u00e9s de placement restantes.<br>Tout exposant devra \u00eatre autonome dans son organisation, y compris, en cas de besoin en \u00e9nergie (par exemple : \u00e9lectricit\u00e9). Il devra signaler au pr\u00e9alable s&rsquo;il envisage l&rsquo;usage d&rsquo;un groupe \u00e9lectrog\u00e8ne. Aucun fil \u00e9lectrique ne sera tol\u00e9r\u00e9 sur la chauss\u00e9e, ou tout lieu ou les visiteurs sont susceptibles d&rsquo;acc\u00e9der. L&rsquo;usage d&rsquo;\u00e9nergie inflammable (gaz, carburant) devra se faire selon les r\u00e8gles de s\u00e9curit\u00e9 d&rsquo;usage avec du mat\u00e9riel adapt\u00e9 et conforme.<\/p>\n\n\n\n<p><strong>Article 2<\/strong>\u00a0: <strong>le nombre d\u2019emplacements<\/strong> est limit\u00e9 par la longueur d\u2019exposition disponible (environ 1,8 Km). Les professionnels de l\u2019alimentation de type restauration rapide (sal\u00e9 et sucr\u00e9) sont limit\u00e9s \u00e0 12 exposants. Ils attestent employer du personnel d\u00e9clar\u00e9 et s&rsquo;acquitter des charges imparties. L&rsquo;organisation se r\u00e9serve le droit de limiter l&rsquo;acc\u00e8s \u00e0 certains professionnels afin de respecter le principe de la libre concurrence. Elle cherche aussi \u00e0 r\u00e9partir les exposants professionnels en concurrence directe afin que chacun puisse travailler au mieux. Ce qui offre aussi aux visiteurs un service homog\u00e8ne sur l&rsquo;ensemble de la foire. Il est interdit de vendre des animaux vivants et de faire la promotion de ses convictions politiques et religieuses. Les tarifs au m\u00e8tre lin\u00e9aire sont d\u00e9termin\u00e9s par le conseil d\u2019administration suivant 3 cat\u00e9gories\u00a0: d\u2019une part, vente alimentaire \u00e0 emporter ou consommer sur place sucr\u00e9 (10 \u20ac\/m) et sal\u00e9 (16 \u20ac\/m), d\u2019autre part, les non alimentaires (5 \u20ac\/m), professionnels comme particuliers.<\/p>\n\n\n\n<p>Seuls les professionnels et l&rsquo;association organisatrice sont autoris\u00e9s \u00e0 proposer des produits alimentaires.<\/p>\n\n\n\n<p><strong>Article 3<\/strong>\u00a0:\u00a0<\/p>\n\n\n\n<p><strong>les r\u00e9servations&nbsp;<\/strong>se font sur notre site internet www.alescaa.fr ou lors de nos permanences (la veille et le samedi matin de la semaine pr\u00e9c\u00e9dente) \u00e0 la salle des f\u00eates ou dans notre local (\u00e0 c\u00f4t\u00e9 de l\u2019arr\u00eat de bus face \u00e0 l\u2019\u00e9picerie). Il est aussi possible de s\u2019inscrire le jour de la foire \u00e0 tout entre 6h et 9h \u00e0 l\u2019entr\u00e9e de la manifestation.<\/p>\n\n\n\n<p class=\"has-vivid-red-color has-text-color\"><strong>Aucune inscription ne se fera par t\u00e9l\u00e9phone, mail, SMS, via les sites sp\u00e9cialis\u00e9s de type Brocabrac, vide-grenier, etc ou courrier libre<\/strong>.<\/p>\n\n\n\n<p><br><strong>Les justificatifs \u00e0 fournir obligatoirement :<\/strong><\/p>\n\n\n\n<ul>\n<li>Pi\u00e8ce d&rsquo;identit\u00e9 (pour tous)<\/li>\n\n\n\n<li>Carte professionnelle (Ex : Kbis, extrait de registre de commerce, carte d&rsquo;Activit\u00e9 Commerciale Ambulante&#8230;) pour lesprofessionnels<\/li>\n<\/ul>\n\n\n\n<p>Une fois la r\u00e9servation effectu\u00e9e, vous pourrez consulter votre zone d\u2019emplacement en consultant notre site <a href=\"https:\/\/www.alescaa.fr\">www.alescaa.fr<\/a> (disponible \u00e0 partir de quelques jours avant la manifestation). Il est rappel\u00e9 que les emplacements des ann\u00e9es pr\u00e9c\u00e9dentes ne sont pas garantis pour l\u2019ann\u00e9e en cours. L\u2019organisation place les exposants en fonction des contraintes (longueurs, v\u00e9hicules, etc) dans l\u2019ordre des inscriptions.<\/p>\n\n\n\n<p><strong>Article 4<\/strong>\u00a0:<strong>\u00a0Arriv\u00e9e des exposants\u00a0:<\/strong> entr\u00e9e obligatoire par l&rsquo;intersection des routes de Gaillon (RD316) et de Pacy Sur Eure (RD836).<\/p>\n\n\n\n<p>L&rsquo;accueil et le placement se font entre 6H00 et 9H00. La circulation sur l&rsquo;espace d&rsquo;exposition de la foire \u00e0 tout est ferm\u00e9e \u00e0 la libre circulation par arr\u00eat\u00e9 municipal \u00e0 partir de 5H00 : seuls les exposants et organisateurs peuvent circuler, en respectant une vitesse de circulation maximale de 10 Km\/h et faisant attention \u00e0 la s\u00e9curit\u00e9 des pi\u00e9tons.<\/p>\n\n\n\n<p>Les exposants ayant connaissance de leur emplacement du fait de leur r\u00e9servation pr\u00e9alable peuvent se pr\u00e9senter directement \u00e0 la barri\u00e8re d&rsquo;entr\u00e9e. Les autres exposants (non-inscrits) doivent passer par le bureau d&rsquo;inscriptions au pr\u00e9alable. L&rsquo;entr\u00e9e n&rsquo;est autoris\u00e9e qu&rsquo;une fois l&rsquo;inscription compl\u00e8te, paiement inclus.<\/p>\n\n\n\n<p><strong>Tout emplacement non occup\u00e9 \u00e0 9H00 sera r\u00e9put\u00e9 libre<\/strong>&nbsp;: les r\u00e8glements ne seront pas rembours\u00e9s sans raison valable, ex&nbsp;: certificat m\u00e9dical&nbsp;; la m\u00e9t\u00e9o n\u2019en \u00e9tant pas une. Pour tous litiges, un bureau reste ouvert toute la journ\u00e9e \u00e0 la salle d&rsquo;activit\u00e9s.<\/p>\n\n\n\n<p><strong>Article 5<\/strong>\u00a0: pour \u00e9viter toute tentative de d\u00e9ballage sauvage en cours de journ\u00e9e, les organisateurs se r\u00e9servent le droit de contr\u00f4ler les identit\u00e9s de chaque stand.<\/p>\n\n\n\n<p><strong>Article 6<\/strong>\u00a0:\u00a0<strong><strong>L\u2019heure de d\u00e9part des exposants est fix\u00e9e \u00e0 18H00<\/strong>. <\/strong>Il est imp\u00e9ratif de nettoyer son emplacement comme \u00e0 l\u2019origine. En cas de non-respect, vous ne serez plus accept\u00e9s sur notre foire \u00e0 tout lors des ann\u00e9es suivantes.<\/p>\n\n\n\n<p><strong>Article 7<\/strong>\u00a0: l\u2019ALESCAA d\u00e9cline toute responsabilit\u00e9 en cas de vol, de perte ou de d\u00e9gradation d\u2019objet quel qu\u2019il soit le jour de la foire \u00e0 tout. <\/p>\n\n\n\n<p><strong>Article 8<\/strong> : L\u2019ALESCAA se r\u00e9serve le droit d\u2019annuler la manifestation en cas de forces majeurs ou d\u2019intemp\u00e9ries. Dans ce cas, les emplacements seront rembours\u00e9s.<\/p>\n\n\n\n<p><strong>Article 9<\/strong>\u00a0: Tout exposant contrevenant \u00e0 l&rsquo;un ou plusieurs de ces articles, ou commettant un acte d&rsquo;incivilit\u00e9, ou provoquant une situation dangereuse sera sanctionn\u00e9, selon la gravit\u00e9, soit par une exclusion imm\u00e9diate, soit par une interdiction de participation aux prochaines Foires \u00e0 Tout. Dans les deux cas, il recevra une information par mail motivant les raisons de son exclusion ou interdiction.<\/p>\n\n\n\n<p><strong>Article 10<\/strong>\u00a0: Selon la note d&rsquo;information \u00e0 l&rsquo;attention des organisateurs de ventes au d\u00e9ballage (foire \u00e0 tout, foire \u00e0 la brocante, vide-greniers&#8230;) de la direction de la r\u00e9glementation et des libert\u00e9s publiques du 02 f\u00e9vrier 2009, chaque exposant (non professionnel), pour pouvoir entrer et d\u00e9baller, devra au pr\u00e9alable signer une attestation sur l&rsquo;honneur stipulant qu&rsquo;il ne participe pas \u00e0 plus de deux foires par an. Il d\u00e9clare par la m\u00eame occasion ne vendre que des objets personnels et usag\u00e9s. (Article 54 de la loi n\u00b02008-776 de modernisation de l&rsquo;\u00e9conomie &#8211; LME \u2013 du 4 ao\u00fbt 2008)<br>Conform\u00e9ment \u00e0 cette loi, un registre des exposants est envoy\u00e9 \u00e0 la sous-pr\u00e9fecture des Andelys \u00e0 l&rsquo;issue de la manifestation.<br>Les informations mentionn\u00e9es sont les suivantes :<\/p>\n\n\n\n<ul>\n<li>Nom, pr\u00e9nom, qualit\u00e9 (particulier ou professionnel) et domicile,<\/li>\n\n\n\n<li>La nature des objets propos\u00e9s \u00e0 la vente au d\u00e9ballage (Foire \u00e0 tout),<\/li>\n\n\n\n<li>Pour les participants non professionnels, la mention de la remise d&rsquo;une attestation sur l&rsquo;honneur de non-participation \u00e0 plus de deux autres manifestations de m\u00eame nature au cours de l&rsquo;ann\u00e9e civile.<\/li>\n<\/ul>\n\n\n\n<p>(Pour information, la peine encourue peut aller jusqu&rsquo;\u00e0 six mois d&#8217;emprisonnement et 300 000 \u20ac d&rsquo;amende)<br>En signant cette attestation sur l&rsquo;honneur ou cochant la case correspondante lors de l\u2019inscription sur notre site, tout exposant reconna\u00eet avoir pris connaissance et accepter de respecter le pr\u00e9sent r\u00e8glement.<\/p>\n","protected":false},"excerpt":{"rendered":"<p>Article 1\u00a0: la foire \u00e0 tout est un \u00e9v\u00e8nement annuel organis\u00e9 par l\u2019association ALESCAA le dimanche de P\u00e2ques. Elle est ouverte aux particuliers et aux professionnels suivant la r\u00e9glementation en vigueur. Elle se d\u00e9roule dans les rues du village. Les emplacements de d\u00e9ballage sont mat\u00e9rialis\u00e9s par les lignes blanches en pl\u00e2tre. Toutes personnes exposant \u00e0 [&hellip;]<\/p>\n","protected":false},"author":3,"featured_media":0,"parent":0,"menu_order":0,"comment_status":"closed","ping_status":"closed","template":"","meta":[],"yoast_head":"<!-- This site is optimized with the Yoast SEO plugin v21.8.1 - https:\/\/yoast.com\/wordpress\/plugins\/seo\/ -->\n<title>R\u00e8glement de la Foire \u00e0 Tout - A.L.E.S.C.A.A.<\/title>\n<meta name=\"robots\" content=\"index, follow, max-snippet:-1, max-image-preview:large, max-video-preview:-1\" \/>\n<link rel=\"canonical\" href=\"https:\/\/www.alescaa.fr\/index.php\/reglement-de-la-foire-a-tout\/\" \/>\n<meta property=\"og:locale\" content=\"fr_FR\" \/>\n<meta property=\"og:type\" content=\"article\" \/>\n<meta property=\"og:title\" content=\"R\u00e8glement de la Foire \u00e0 Tout - A.L.E.S.C.A.A.\" \/>\n<meta property=\"og:description\" content=\"Article 1\u00a0: la foire \u00e0 tout est un \u00e9v\u00e8nement annuel organis\u00e9 par l\u2019association ALESCAA le dimanche de P\u00e2ques. Elle est ouverte aux particuliers et aux professionnels suivant la r\u00e9glementation en vigueur. Elle se d\u00e9roule dans les rues du village. Les emplacements de d\u00e9ballage sont mat\u00e9rialis\u00e9s par les lignes blanches en pl\u00e2tre. Toutes personnes exposant \u00e0 [&hellip;]\" \/>\n<meta property=\"og:url\" content=\"https:\/\/www.alescaa.fr\/index.php\/reglement-de-la-foire-a-tout\/\" \/>\n<meta property=\"og:site_name\" content=\"A.L.E.S.C.A.A.\" \/>\n<meta property=\"article:modified_time\" content=\"2025-02-02T19:58:41+00:00\" \/>\n<meta name=\"twitter:card\" content=\"summary_large_image\" \/>\n<meta name=\"twitter:label1\" content=\"Dur\u00e9e de lecture estim\u00e9e\" \/>\n\t<meta name=\"twitter:data1\" content=\"7 minutes\" \/>\n<script type=\"application\/ld+json\" class=\"yoast-schema-graph\">{\"@context\":\"https:\/\/schema.org\",\"@graph\":[{\"@type\":\"WebPage\",\"@id\":\"https:\/\/www.alescaa.fr\/index.php\/reglement-de-la-foire-a-tout\/\",\"url\":\"https:\/\/www.alescaa.fr\/index.php\/reglement-de-la-foire-a-tout\/\",\"name\":\"R\u00e8glement de la Foire \u00e0 Tout - A.L.E.S.C.A.A.\",\"isPartOf\":{\"@id\":\"https:\/\/www.alescaa.fr\/#website\"},\"datePublished\":\"2021-11-27T11:49:54+00:00\",\"dateModified\":\"2025-02-02T19:58:41+00:00\",\"breadcrumb\":{\"@id\":\"https:\/\/www.alescaa.fr\/index.php\/reglement-de-la-foire-a-tout\/#breadcrumb\"},\"inLanguage\":\"fr-FR\",\"potentialAction\":[{\"@type\":\"ReadAction\",\"target\":[\"https:\/\/www.alescaa.fr\/index.php\/reglement-de-la-foire-a-tout\/\"]}]},{\"@type\":\"BreadcrumbList\",\"@id\":\"https:\/\/www.alescaa.fr\/index.php\/reglement-de-la-foire-a-tout\/#breadcrumb\",\"itemListElement\":[{\"@type\":\"ListItem\",\"position\":1,\"name\":\"Accueil\",\"item\":\"https:\/\/www.alescaa.fr\/\"},{\"@type\":\"ListItem\",\"position\":2,\"name\":\"R\u00e8glement de la Foire \u00e0 Tout\"}]},{\"@type\":\"WebSite\",\"@id\":\"https:\/\/www.alescaa.fr\/#website\",\"url\":\"https:\/\/www.alescaa.fr\/\",\"name\":\"A.L.E.S.C.A.A.\",\"description\":\"Amicale La\u00efque Educative Sportive et Culturelle d&#039;Autheuil-Authouillet\",\"publisher\":{\"@id\":\"https:\/\/www.alescaa.fr\/#organization\"},\"potentialAction\":[{\"@type\":\"SearchAction\",\"target\":{\"@type\":\"EntryPoint\",\"urlTemplate\":\"https:\/\/www.alescaa.fr\/?s={search_term_string}\"},\"query-input\":\"required name=search_term_string\"}],\"inLanguage\":\"fr-FR\"},{\"@type\":\"Organization\",\"@id\":\"https:\/\/www.alescaa.fr\/#organization\",\"name\":\"A.L.E.S.C.A.A.\",\"url\":\"https:\/\/www.alescaa.fr\/\",\"logo\":{\"@type\":\"ImageObject\",\"inLanguage\":\"fr-FR\",\"@id\":\"https:\/\/www.alescaa.fr\/#\/schema\/logo\/image\/\",\"url\":\"https:\/\/www.alescaa.fr\/wp-content\/uploads\/2022\/02\/Logo-Alescaa-2022.png\",\"contentUrl\":\"https:\/\/www.alescaa.fr\/wp-content\/uploads\/2022\/02\/Logo-Alescaa-2022.png\",\"width\":512,\"height\":482,\"caption\":\"A.L.E.S.C.A.A.\"},\"image\":{\"@id\":\"https:\/\/www.alescaa.fr\/#\/schema\/logo\/image\/\"}}]}<\/script>\n<!-- \/ Yoast SEO plugin. -->","yoast_head_json":{"title":"R\u00e8glement de la Foire \u00e0 Tout - A.L.E.S.C.A.A.","robots":{"index":"index","follow":"follow","max-snippet":"max-snippet:-1","max-image-preview":"max-image-preview:large","max-video-preview":"max-video-preview:-1"},"canonical":"https:\/\/www.alescaa.fr\/index.php\/reglement-de-la-foire-a-tout\/","og_locale":"fr_FR","og_type":"article","og_title":"R\u00e8glement de la Foire \u00e0 Tout - A.L.E.S.C.A.A.","og_description":"Article 1\u00a0: la foire \u00e0 tout est un \u00e9v\u00e8nement annuel organis\u00e9 par l\u2019association ALESCAA le dimanche de P\u00e2ques. Elle est ouverte aux particuliers et aux professionnels suivant la r\u00e9glementation en vigueur. Elle se d\u00e9roule dans les rues du village. Les emplacements de d\u00e9ballage sont mat\u00e9rialis\u00e9s par les lignes blanches en pl\u00e2tre. Toutes personnes exposant \u00e0 [&hellip;]","og_url":"https:\/\/www.alescaa.fr\/index.php\/reglement-de-la-foire-a-tout\/","og_site_name":"A.L.E.S.C.A.A.","article_modified_time":"2025-02-02T19:58:41+00:00","twitter_card":"summary_large_image","twitter_misc":{"Dur\u00e9e de lecture estim\u00e9e":"7 minutes"},"schema":{"@context":"https:\/\/schema.org","@graph":[{"@type":"WebPage","@id":"https:\/\/www.alescaa.fr\/index.php\/reglement-de-la-foire-a-tout\/","url":"https:\/\/www.alescaa.fr\/index.php\/reglement-de-la-foire-a-tout\/","name":"R\u00e8glement de la Foire \u00e0 Tout - A.L.E.S.C.A.A.","isPartOf":{"@id":"https:\/\/www.alescaa.fr\/#website"},"datePublished":"2021-11-27T11:49:54+00:00","dateModified":"2025-02-02T19:58:41+00:00","breadcrumb":{"@id":"https:\/\/www.alescaa.fr\/index.php\/reglement-de-la-foire-a-tout\/#breadcrumb"},"inLanguage":"fr-FR","potentialAction":[{"@type":"ReadAction","target":["https:\/\/www.alescaa.fr\/index.php\/reglement-de-la-foire-a-tout\/"]}]},{"@type":"BreadcrumbList","@id":"https:\/\/www.alescaa.fr\/index.php\/reglement-de-la-foire-a-tout\/#breadcrumb","itemListElement":[{"@type":"ListItem","position":1,"name":"Accueil","item":"https:\/\/www.alescaa.fr\/"},{"@type":"ListItem","position":2,"name":"R\u00e8glement de la Foire \u00e0 Tout"}]},{"@type":"WebSite","@id":"https:\/\/www.alescaa.fr\/#website","url":"https:\/\/www.alescaa.fr\/","name":"A.L.E.S.C.A.A.","description":"Amicale La\u00efque Educative Sportive et Culturelle d&#039;Autheuil-Authouillet","publisher":{"@id":"https:\/\/www.alescaa.fr\/#organization"},"potentialAction":[{"@type":"SearchAction","target":{"@type":"EntryPoint","urlTemplate":"https:\/\/www.alescaa.fr\/?s={search_term_string}"},"query-input":"required name=search_term_string"}],"inLanguage":"fr-FR"},{"@type":"Organization","@id":"https:\/\/www.alescaa.fr\/#organization","name":"A.L.E.S.C.A.A.","url":"https:\/\/www.alescaa.fr\/","logo":{"@type":"ImageObject","inLanguage":"fr-FR","@id":"https:\/\/www.alescaa.fr\/#\/schema\/logo\/image\/","url":"https:\/\/www.alescaa.fr\/wp-content\/uploads\/2022\/02\/Logo-Alescaa-2022.png","contentUrl":"https:\/\/www.alescaa.fr\/wp-content\/uploads\/2022\/02\/Logo-Alescaa-2022.png","width":512,"height":482,"caption":"A.L.E.S.C.A.A."},"image":{"@id":"https:\/\/www.alescaa.fr\/#\/schema\/logo\/image\/"}}]}},"_links":{"self":[{"href":"https:\/\/www.alescaa.fr\/index.php\/wp-json\/wp\/v2\/pages\/3239"}],"collection":[{"href":"https:\/\/www.alescaa.fr\/index.php\/wp-json\/wp\/v2\/pages"}],"about":[{"href":"https:\/\/www.alescaa.fr\/index.php\/wp-json\/wp\/v2\/types\/page"}],"author":[{"embeddable":true,"href":"https:\/\/www.alescaa.fr\/index.php\/wp-json\/wp\/v2\/users\/3"}],"replies":[{"embeddable":true,"href":"https:\/\/www.alescaa.fr\/index.php\/wp-json\/wp\/v2\/comments?post=3239"}],"version-history":[{"count":9,"href":"https:\/\/www.alescaa.fr\/index.php\/wp-json\/wp\/v2\/pages\/3239\/revisions"}],"predecessor-version":[{"id":5190,"href":"https:\/\/www.alescaa.fr\/index.php\/wp-json\/wp\/v2\/pages\/3239\/revisions\/5190"}],"wp:attachment":[{"href":"https:\/\/www.alescaa.fr\/index.php\/wp-json\/wp\/v2\/media?parent=3239"}],"curies":[{"name":"wp","href":"https:\/\/api.w.org\/{rel}","templated":true}]}}