{"id":3288,"date":"2021-12-20T14:24:42","date_gmt":"2021-12-20T13:24:42","guid":{"rendered":"http:\/\/alescaa.fr\/?page_id=3288"},"modified":"2022-01-12T14:18:19","modified_gmt":"2022-01-12T13:18:19","slug":"proposer-une-manifestation","status":"publish","type":"page","link":"https:\/\/www.alescaa.fr\/index.php\/proposer-une-manifestation\/","title":{"rendered":"Proposer une manifestation"},"content":{"rendered":"\n<p> <strong>L\u2019ALESCAA est une association dynamique \u00e0 g\u00e9om\u00e9trie variable p<strong>our s\u2019adapter aux souhaits et aspirations des habitants de la commune.<\/strong><\/strong> <\/p>\n\n\n\n<p>Quelques manifestations sont des piliers de notre associations. Elles sont programm\u00e9es tous les ans, et repr\u00e9sentent des rep\u00e8res pour les r\u00e9sidents d&rsquo;Autheuil-Authouillet. D&rsquo;autres sont plus \u00e9ph\u00e9m\u00e8res ou ciblent un public plus restreint (sportifs, enfants, etc). Nous pourrions en citer plusieurs, mais pr\u00e9f\u00e9rons vous sugg\u00e9rer de consulter les pages \u00ab\u00a0Principales manifestations\u00a0\u00bb et \u00ab\u00a0Autres manifestations\u00a0\u00bb.<\/p>\n\n\n\n<p>Dans tous les cas, nos manifestations participent grandement \u00e0 donner une bonne image de notre village par son dynamisme et sa qualit\u00e9 d\u2019accueil. <strong>Vous aussi, vous pouvez devenir acteur de la vie de votre village en nous proposant une manifestation.<\/strong> Quel que soit le th\u00e8me propos\u00e9 (la nature, la litt\u00e9rature, le cirque, etc) ou la nature d&rsquo;activit\u00e9 (animation sportive ou champ\u00eatre, festival, etc), toute id\u00e9e est bonne \u00e0 proposer. Alors n&rsquo;h\u00e9sitez pas : prenez contact avec nous pour en discuter.<\/p>\n","protected":false},"excerpt":{"rendered":"<p>L\u2019ALESCAA est une association dynamique \u00e0 g\u00e9om\u00e9trie variable pour s\u2019adapter aux souhaits et aspirations des habitants de la commune. Quelques manifestations sont des piliers de notre associations. Elles sont programm\u00e9es tous les ans, et repr\u00e9sentent des rep\u00e8res pour les r\u00e9sidents d&rsquo;Autheuil-Authouillet. D&rsquo;autres sont plus \u00e9ph\u00e9m\u00e8res ou ciblent un public plus restreint (sportifs, enfants, etc). Nous [&hellip;]<\/p>\n","protected":false},"author":3,"featured_media":0,"parent":0,"menu_order":0,"comment_status":"closed","ping_status":"closed","template":"","meta":[],"yoast_head":"<!-- This site is optimized with the Yoast SEO plugin v21.8.1 - https:\/\/yoast.com\/wordpress\/plugins\/seo\/ -->\n<title>Proposer une manifestation - A.L.E.S.C.A.A.<\/title>\n<meta name=\"robots\" content=\"index, follow, max-snippet:-1, max-image-preview:large, max-video-preview:-1\" \/>\n<link rel=\"canonical\" href=\"https:\/\/www.alescaa.fr\/index.php\/proposer-une-manifestation\/\" \/>\n<meta property=\"og:locale\" content=\"fr_FR\" \/>\n<meta property=\"og:type\" content=\"article\" \/>\n<meta property=\"og:title\" content=\"Proposer une manifestation - A.L.E.S.C.A.A.\" \/>\n<meta property=\"og:description\" content=\"L\u2019ALESCAA est une association dynamique \u00e0 g\u00e9om\u00e9trie variable pour s\u2019adapter aux souhaits et aspirations des habitants de la commune. Quelques manifestations sont des piliers de notre associations. Elles sont programm\u00e9es tous les ans, et repr\u00e9sentent des rep\u00e8res pour les r\u00e9sidents d&rsquo;Autheuil-Authouillet. D&rsquo;autres sont plus \u00e9ph\u00e9m\u00e8res ou ciblent un public plus restreint (sportifs, enfants, etc). Nous [&hellip;]\" \/>\n<meta property=\"og:url\" content=\"https:\/\/www.alescaa.fr\/index.php\/proposer-une-manifestation\/\" \/>\n<meta property=\"og:site_name\" content=\"A.L.E.S.C.A.A.\" \/>\n<meta property=\"article:modified_time\" content=\"2022-01-12T13:18:19+00:00\" \/>\n<meta name=\"twitter:card\" content=\"summary_large_image\" \/>\n<meta name=\"twitter:label1\" content=\"Dur\u00e9e de lecture estim\u00e9e\" \/>\n\t<meta name=\"twitter:data1\" content=\"1 minute\" \/>\n<script type=\"application\/ld+json\" class=\"yoast-schema-graph\">{\"@context\":\"https:\/\/schema.org\",\"@graph\":[{\"@type\":\"WebPage\",\"@id\":\"https:\/\/www.alescaa.fr\/index.php\/proposer-une-manifestation\/\",\"url\":\"https:\/\/www.alescaa.fr\/index.php\/proposer-une-manifestation\/\",\"name\":\"Proposer une manifestation - A.L.E.S.C.A.A.\",\"isPartOf\":{\"@id\":\"https:\/\/www.alescaa.fr\/#website\"},\"datePublished\":\"2021-12-20T13:24:42+00:00\",\"dateModified\":\"2022-01-12T13:18:19+00:00\",\"breadcrumb\":{\"@id\":\"https:\/\/www.alescaa.fr\/index.php\/proposer-une-manifestation\/#breadcrumb\"},\"inLanguage\":\"fr-FR\",\"potentialAction\":[{\"@type\":\"ReadAction\",\"target\":[\"https:\/\/www.alescaa.fr\/index.php\/proposer-une-manifestation\/\"]}]},{\"@type\":\"BreadcrumbList\",\"@id\":\"https:\/\/www.alescaa.fr\/index.php\/proposer-une-manifestation\/#breadcrumb\",\"itemListElement\":[{\"@type\":\"ListItem\",\"position\":1,\"name\":\"Accueil\",\"item\":\"https:\/\/www.alescaa.fr\/\"},{\"@type\":\"ListItem\",\"position\":2,\"name\":\"Proposer une manifestation\"}]},{\"@type\":\"WebSite\",\"@id\":\"https:\/\/www.alescaa.fr\/#website\",\"url\":\"https:\/\/www.alescaa.fr\/\",\"name\":\"A.L.E.S.C.A.A.\",\"description\":\"Amicale La\u00efque Educative Sportive et Culturelle d&#039;Autheuil-Authouillet\",\"publisher\":{\"@id\":\"https:\/\/www.alescaa.fr\/#organization\"},\"potentialAction\":[{\"@type\":\"SearchAction\",\"target\":{\"@type\":\"EntryPoint\",\"urlTemplate\":\"https:\/\/www.alescaa.fr\/?s={search_term_string}\"},\"query-input\":\"required name=search_term_string\"}],\"inLanguage\":\"fr-FR\"},{\"@type\":\"Organization\",\"@id\":\"https:\/\/www.alescaa.fr\/#organization\",\"name\":\"A.L.E.S.C.A.A.\",\"url\":\"https:\/\/www.alescaa.fr\/\",\"logo\":{\"@type\":\"ImageObject\",\"inLanguage\":\"fr-FR\",\"@id\":\"https:\/\/www.alescaa.fr\/#\/schema\/logo\/image\/\",\"url\":\"https:\/\/www.alescaa.fr\/wp-content\/uploads\/2022\/02\/Logo-Alescaa-2022.png\",\"contentUrl\":\"https:\/\/www.alescaa.fr\/wp-content\/uploads\/2022\/02\/Logo-Alescaa-2022.png\",\"width\":512,\"height\":482,\"caption\":\"A.L.E.S.C.A.A.\"},\"image\":{\"@id\":\"https:\/\/www.alescaa.fr\/#\/schema\/logo\/image\/\"}}]}<\/script>\n<!-- \/ Yoast SEO plugin. -->","yoast_head_json":{"title":"Proposer une manifestation - A.L.E.S.C.A.A.","robots":{"index":"index","follow":"follow","max-snippet":"max-snippet:-1","max-image-preview":"max-image-preview:large","max-video-preview":"max-video-preview:-1"},"canonical":"https:\/\/www.alescaa.fr\/index.php\/proposer-une-manifestation\/","og_locale":"fr_FR","og_type":"article","og_title":"Proposer une manifestation - A.L.E.S.C.A.A.","og_description":"L\u2019ALESCAA est une association dynamique \u00e0 g\u00e9om\u00e9trie variable pour s\u2019adapter aux souhaits et aspirations des habitants de la commune. Quelques manifestations sont des piliers de notre associations. Elles sont programm\u00e9es tous les ans, et repr\u00e9sentent des rep\u00e8res pour les r\u00e9sidents d&rsquo;Autheuil-Authouillet. D&rsquo;autres sont plus \u00e9ph\u00e9m\u00e8res ou ciblent un public plus restreint (sportifs, enfants, etc). Nous [&hellip;]","og_url":"https:\/\/www.alescaa.fr\/index.php\/proposer-une-manifestation\/","og_site_name":"A.L.E.S.C.A.A.","article_modified_time":"2022-01-12T13:18:19+00:00","twitter_card":"summary_large_image","twitter_misc":{"Dur\u00e9e de lecture estim\u00e9e":"1 minute"},"schema":{"@context":"https:\/\/schema.org","@graph":[{"@type":"WebPage","@id":"https:\/\/www.alescaa.fr\/index.php\/proposer-une-manifestation\/","url":"https:\/\/www.alescaa.fr\/index.php\/proposer-une-manifestation\/","name":"Proposer une manifestation - A.L.E.S.C.A.A.","isPartOf":{"@id":"https:\/\/www.alescaa.fr\/#website"},"datePublished":"2021-12-20T13:24:42+00:00","dateModified":"2022-01-12T13:18:19+00:00","breadcrumb":{"@id":"https:\/\/www.alescaa.fr\/index.php\/proposer-une-manifestation\/#breadcrumb"},"inLanguage":"fr-FR","potentialAction":[{"@type":"ReadAction","target":["https:\/\/www.alescaa.fr\/index.php\/proposer-une-manifestation\/"]}]},{"@type":"BreadcrumbList","@id":"https:\/\/www.alescaa.fr\/index.php\/proposer-une-manifestation\/#breadcrumb","itemListElement":[{"@type":"ListItem","position":1,"name":"Accueil","item":"https:\/\/www.alescaa.fr\/"},{"@type":"ListItem","position":2,"name":"Proposer une manifestation"}]},{"@type":"WebSite","@id":"https:\/\/www.alescaa.fr\/#website","url":"https:\/\/www.alescaa.fr\/","name":"A.L.E.S.C.A.A.","description":"Amicale La\u00efque Educative Sportive et Culturelle d&#039;Autheuil-Authouillet","publisher":{"@id":"https:\/\/www.alescaa.fr\/#organization"},"potentialAction":[{"@type":"SearchAction","target":{"@type":"EntryPoint","urlTemplate":"https:\/\/www.alescaa.fr\/?s={search_term_string}"},"query-input":"required name=search_term_string"}],"inLanguage":"fr-FR"},{"@type":"Organization","@id":"https:\/\/www.alescaa.fr\/#organization","name":"A.L.E.S.C.A.A.","url":"https:\/\/www.alescaa.fr\/","logo":{"@type":"ImageObject","inLanguage":"fr-FR","@id":"https:\/\/www.alescaa.fr\/#\/schema\/logo\/image\/","url":"https:\/\/www.alescaa.fr\/wp-content\/uploads\/2022\/02\/Logo-Alescaa-2022.png","contentUrl":"https:\/\/www.alescaa.fr\/wp-content\/uploads\/2022\/02\/Logo-Alescaa-2022.png","width":512,"height":482,"caption":"A.L.E.S.C.A.A."},"image":{"@id":"https:\/\/www.alescaa.fr\/#\/schema\/logo\/image\/"}}]}},"_links":{"self":[{"href":"https:\/\/www.alescaa.fr\/index.php\/wp-json\/wp\/v2\/pages\/3288"}],"collection":[{"href":"https:\/\/www.alescaa.fr\/index.php\/wp-json\/wp\/v2\/pages"}],"about":[{"href":"https:\/\/www.alescaa.fr\/index.php\/wp-json\/wp\/v2\/types\/page"}],"author":[{"embeddable":true,"href":"https:\/\/www.alescaa.fr\/index.php\/wp-json\/wp\/v2\/users\/3"}],"replies":[{"embeddable":true,"href":"https:\/\/www.alescaa.fr\/index.php\/wp-json\/wp\/v2\/comments?post=3288"}],"version-history":[{"count":6,"href":"https:\/\/www.alescaa.fr\/index.php\/wp-json\/wp\/v2\/pages\/3288\/revisions"}],"predecessor-version":[{"id":4217,"href":"https:\/\/www.alescaa.fr\/index.php\/wp-json\/wp\/v2\/pages\/3288\/revisions\/4217"}],"wp:attachment":[{"href":"https:\/\/www.alescaa.fr\/index.php\/wp-json\/wp\/v2\/media?parent=3288"}],"curies":[{"name":"wp","href":"https:\/\/api.w.org\/{rel}","templated":true}]}}