{"id":3309,"date":"2021-12-22T10:17:33","date_gmt":"2021-12-22T09:17:33","guid":{"rendered":"http:\/\/alescaa.fr\/?page_id=3309"},"modified":"2023-03-06T13:47:10","modified_gmt":"2023-03-06T12:47:10","slug":"les-benevoles","status":"publish","type":"page","link":"https:\/\/www.alescaa.fr\/index.php\/les-benevoles\/","title":{"rendered":"Les b\u00e9n\u00e9voles"},"content":{"rendered":"\n<p><strong>Toute une \u00e9quipe motiv\u00e9e pour faire vivre l&rsquo;association.<\/strong><\/p>\n\n\n\n<p>L&rsquo;association ne serait rien sans les b\u00e9n\u00e9voles. Et m\u00eame si certains ont des r\u00f4les sp\u00e9cifiques par statut ou habitudes, la plupart sont capables d&rsquo;intervenir sur toutes les manifestations. Cette \u00e9quipe, qui \u00e9volue au fil des ann\u00e9es et des manifestations (selon les disponibilit\u00e9s), est constitu\u00e9 d&rsquo;une quarantaine de b\u00e9n\u00e9voles (permanents ou ponctuels) de tous \u00e2ges et de toutes sensibilit\u00e9s sociales. Cette richesse fait que certains sont moteurs sur des animations populaires, d&rsquo;autres sur des manifestations sportives, ou encore des manifestations \u00e0 destination du jeune public.<\/p>\n\n\n\n<div class=\"wp-block-image\"><figure class=\"aligncenter size-large\"><img decoding=\"async\" loading=\"lazy\" width=\"1024\" height=\"641\" src=\"https:\/\/www.alescaa.fr\/wp-content\/uploads\/2022\/01\/Soiree-13-juillet-2017-1024x641.jpg\" alt=\"\" class=\"wp-image-4091\" srcset=\"https:\/\/www.alescaa.fr\/wp-content\/uploads\/2022\/01\/Soiree-13-juillet-2017-1024x641.jpg 1024w, https:\/\/www.alescaa.fr\/wp-content\/uploads\/2022\/01\/Soiree-13-juillet-2017-600x376.jpg 600w, https:\/\/www.alescaa.fr\/wp-content\/uploads\/2022\/01\/Soiree-13-juillet-2017-768x481.jpg 768w, https:\/\/www.alescaa.fr\/wp-content\/uploads\/2022\/01\/Soiree-13-juillet-2017-1536x962.jpg 1536w, https:\/\/www.alescaa.fr\/wp-content\/uploads\/2022\/01\/Soiree-13-juillet-2017-2048x1282.jpg 2048w\" sizes=\"(max-width: 1024px) 100vw, 1024px\" \/><figcaption>@ALESCAA &#8211; Fin de soir\u00e9e autour du barbecue le 13 juillet 2017<\/figcaption><\/figure><\/div>\n\n\n\n<p>Et, comme toute association, nous sommes toujours \u00e0 la recherche de nouveaux b\u00e9n\u00e9voles pour ouvrir le cercle d&rsquo;amis ainsi constitu\u00e9, apporter de nouvelles id\u00e9es, maintenir la motivation qui peut s&rsquo;\u00e9roder avec le temps. Nous sommes tout particuli\u00e8rement int\u00e9ress\u00e9s par la jeune g\u00e9n\u00e9ration montante qui fait un peu d\u00e9faut : nos b\u00e9n\u00e9voles adolescents partent souvent faire leurs \u00e9tudes \u00ab\u00a0\u00e0 la ville\u00a0\u00bb ou s&rsquo;installer ou ils ont trouv\u00e9 un travail, et les couples s&rsquo;installant dans la commune sont parfois h\u00e9sitants sur la fa\u00e7on de nous rejoindre.<\/p>\n\n\n\n<p>De part ses statuts, l&rsquo;association est constitu\u00e9e d&rsquo;un Conseil d&rsquo;Administration de 11 membres minimum, et d&rsquo;un bureau de 7 membres parmi les b\u00e9n\u00e9voles du conseil d&rsquo;administration ayant fait acte de candidature. Tous les b\u00e9n\u00e9voles ont un droit libre d&rsquo;expression ; le Conseil d&rsquo;Administration, comme le nom l&rsquo;indique, administre l&rsquo;association (planning, budget&#8230;) ; et le bureau met en oeuvre les d\u00e9cisions prises en assembl\u00e9e ou lors des r\u00e9unions de pilotages.<\/p>\n\n\n\n<p>Les membres actuels constituant le bureau sont :<\/p>\n\n\n\n<ul><li>Fran\u00e7ois GAULTIER &#8211; Pr\u00e9sident<\/li><li>Arnaud FISCHER &#8211; Vice-Pr\u00e9sident<\/li><li>Delphine DIAS &#8211; Tr\u00e9sori\u00e8re<\/li><li>Annie CREPEAU &#8211; Tr\u00e9sori\u00e8re Adjointe<\/li><li>Estelle FISCHER &#8211; Secr\u00e9taire<\/li><li>Florence GIRARD &#8211; Secr\u00e9taire Adjointe<\/li><li>Isabelle ROGRON &#8211; Membre active<\/li><\/ul>\n\n\n\n<p>Ci-dessous, les portraits de quelques membres du bureau ou repr\u00e9sentants des sections \u00e0 l&rsquo;occasion de la pr\u00e9paration de l&rsquo;Enqu\u00eate Partie de 2019.<\/p>\n\n\n\n<figure class=\"wp-block-gallery aligncenter has-nested-images columns-3 wp-block-gallery-1 is-layout-flex\">\n<figure class=\"wp-block-image size-thumbnail\"><img decoding=\"async\" loading=\"lazy\" width=\"300\" height=\"300\" data-id=\"4072\"  src=\"https:\/\/www.alescaa.fr\/wp-content\/uploads\/2022\/01\/Francois-300x300.jpg\" alt=\"\" class=\"wp-image-4072\"\/><figcaption>@ALESCAA Pr\u00e9sident<\/figcaption><\/figure>\n\n\n\n<figure class=\"wp-block-image size-thumbnail\"><img decoding=\"async\" loading=\"lazy\" width=\"300\" height=\"300\" data-id=\"4070\"  src=\"https:\/\/www.alescaa.fr\/wp-content\/uploads\/2022\/01\/Florence-300x300.jpg\" alt=\"\" class=\"wp-image-4070\"\/><figcaption>@ALESCAA Secr\u00e9taire adjointe<\/figcaption><\/figure>\n\n\n\n<figure class=\"wp-block-image size-thumbnail\"><img decoding=\"async\" loading=\"lazy\" width=\"300\" height=\"300\" data-id=\"4074\"  src=\"https:\/\/www.alescaa.fr\/wp-content\/uploads\/2022\/01\/Isabelle-300x300.jpg\" alt=\"\" class=\"wp-image-4074\"\/><figcaption>@ALESCAA B\u00e9n\u00e9vole<\/figcaption><\/figure>\n\n\n\n<figure class=\"wp-block-image size-thumbnail\"><img decoding=\"async\" loading=\"lazy\" width=\"300\" height=\"300\" data-id=\"4068\"  src=\"https:\/\/www.alescaa.fr\/wp-content\/uploads\/2022\/01\/Delphine-300x300.jpg\" alt=\"\" class=\"wp-image-4068\"\/><figcaption>@ALESCAA Pr\u00e9sidente En voiture Simone<\/figcaption><\/figure>\n\n\n\n<figure class=\"wp-block-image size-thumbnail\"><img decoding=\"async\" loading=\"lazy\" width=\"300\" height=\"300\" data-id=\"4080\"  src=\"https:\/\/www.alescaa.fr\/wp-content\/uploads\/2022\/01\/Rejane-300x300.jpg\" alt=\"\" class=\"wp-image-4080\"\/><figcaption>@ALESCAA Pr\u00e9sidente Les 2 mains gauche<\/figcaption><\/figure>\n\n\n\n<figure class=\"wp-block-image size-thumbnail\"><img decoding=\"async\" loading=\"lazy\" width=\"300\" height=\"300\" data-id=\"4329\"  src=\"https:\/\/www.alescaa.fr\/wp-content\/uploads\/2022\/02\/ARNAUD-300x300.jpg\" alt=\"\" class=\"wp-image-4329\"\/><figcaption>@ALESCAA Secr\u00e9taire<\/figcaption><\/figure>\n<\/figure>\n","protected":false},"excerpt":{"rendered":"<p>Toute une \u00e9quipe motiv\u00e9e pour faire vivre l&rsquo;association. L&rsquo;association ne serait rien sans les b\u00e9n\u00e9voles. Et m\u00eame si certains ont des r\u00f4les sp\u00e9cifiques par statut ou habitudes, la plupart sont capables d&rsquo;intervenir sur toutes les manifestations. Cette \u00e9quipe, qui \u00e9volue au fil des ann\u00e9es et des manifestations (selon les disponibilit\u00e9s), est constitu\u00e9 d&rsquo;une quarantaine de [&hellip;]<\/p>\n","protected":false},"author":3,"featured_media":0,"parent":0,"menu_order":0,"comment_status":"closed","ping_status":"closed","template":"","meta":[],"yoast_head":"<!-- This site is optimized with the Yoast SEO plugin v21.8.1 - https:\/\/yoast.com\/wordpress\/plugins\/seo\/ -->\n<title>Les b\u00e9n\u00e9voles - A.L.E.S.C.A.A.<\/title>\n<meta name=\"robots\" content=\"index, follow, max-snippet:-1, max-image-preview:large, max-video-preview:-1\" \/>\n<link rel=\"canonical\" href=\"https:\/\/www.alescaa.fr\/index.php\/les-benevoles\/\" \/>\n<meta property=\"og:locale\" content=\"fr_FR\" \/>\n<meta property=\"og:type\" content=\"article\" \/>\n<meta property=\"og:title\" content=\"Les b\u00e9n\u00e9voles - A.L.E.S.C.A.A.\" \/>\n<meta property=\"og:description\" content=\"Toute une \u00e9quipe motiv\u00e9e pour faire vivre l&rsquo;association. L&rsquo;association ne serait rien sans les b\u00e9n\u00e9voles. Et m\u00eame si certains ont des r\u00f4les sp\u00e9cifiques par statut ou habitudes, la plupart sont capables d&rsquo;intervenir sur toutes les manifestations. Cette \u00e9quipe, qui \u00e9volue au fil des ann\u00e9es et des manifestations (selon les disponibilit\u00e9s), est constitu\u00e9 d&rsquo;une quarantaine de [&hellip;]\" \/>\n<meta property=\"og:url\" content=\"https:\/\/www.alescaa.fr\/index.php\/les-benevoles\/\" \/>\n<meta property=\"og:site_name\" content=\"A.L.E.S.C.A.A.\" \/>\n<meta property=\"article:modified_time\" content=\"2023-03-06T12:47:10+00:00\" \/>\n<meta property=\"og:image\" content=\"https:\/\/www.alescaa.fr\/wp-content\/uploads\/2022\/01\/Soiree-13-juillet-2017-1024x641.jpg\" \/>\n<meta name=\"twitter:card\" content=\"summary_large_image\" \/>\n<meta name=\"twitter:label1\" content=\"Dur\u00e9e de lecture estim\u00e9e\" \/>\n\t<meta name=\"twitter:data1\" content=\"4 minutes\" \/>\n<script type=\"application\/ld+json\" class=\"yoast-schema-graph\">{\"@context\":\"https:\/\/schema.org\",\"@graph\":[{\"@type\":\"WebPage\",\"@id\":\"https:\/\/www.alescaa.fr\/index.php\/les-benevoles\/\",\"url\":\"https:\/\/www.alescaa.fr\/index.php\/les-benevoles\/\",\"name\":\"Les b\u00e9n\u00e9voles - A.L.E.S.C.A.A.\",\"isPartOf\":{\"@id\":\"https:\/\/www.alescaa.fr\/#website\"},\"datePublished\":\"2021-12-22T09:17:33+00:00\",\"dateModified\":\"2023-03-06T12:47:10+00:00\",\"breadcrumb\":{\"@id\":\"https:\/\/www.alescaa.fr\/index.php\/les-benevoles\/#breadcrumb\"},\"inLanguage\":\"fr-FR\",\"potentialAction\":[{\"@type\":\"ReadAction\",\"target\":[\"https:\/\/www.alescaa.fr\/index.php\/les-benevoles\/\"]}]},{\"@type\":\"BreadcrumbList\",\"@id\":\"https:\/\/www.alescaa.fr\/index.php\/les-benevoles\/#breadcrumb\",\"itemListElement\":[{\"@type\":\"ListItem\",\"position\":1,\"name\":\"Accueil\",\"item\":\"https:\/\/www.alescaa.fr\/\"},{\"@type\":\"ListItem\",\"position\":2,\"name\":\"Les b\u00e9n\u00e9voles\"}]},{\"@type\":\"WebSite\",\"@id\":\"https:\/\/www.alescaa.fr\/#website\",\"url\":\"https:\/\/www.alescaa.fr\/\",\"name\":\"A.L.E.S.C.A.A.\",\"description\":\"Amicale La\u00efque Educative Sportive et Culturelle d&#039;Autheuil-Authouillet\",\"publisher\":{\"@id\":\"https:\/\/www.alescaa.fr\/#organization\"},\"potentialAction\":[{\"@type\":\"SearchAction\",\"target\":{\"@type\":\"EntryPoint\",\"urlTemplate\":\"https:\/\/www.alescaa.fr\/?s={search_term_string}\"},\"query-input\":\"required name=search_term_string\"}],\"inLanguage\":\"fr-FR\"},{\"@type\":\"Organization\",\"@id\":\"https:\/\/www.alescaa.fr\/#organization\",\"name\":\"A.L.E.S.C.A.A.\",\"url\":\"https:\/\/www.alescaa.fr\/\",\"logo\":{\"@type\":\"ImageObject\",\"inLanguage\":\"fr-FR\",\"@id\":\"https:\/\/www.alescaa.fr\/#\/schema\/logo\/image\/\",\"url\":\"https:\/\/www.alescaa.fr\/wp-content\/uploads\/2022\/02\/Logo-Alescaa-2022.png\",\"contentUrl\":\"https:\/\/www.alescaa.fr\/wp-content\/uploads\/2022\/02\/Logo-Alescaa-2022.png\",\"width\":512,\"height\":482,\"caption\":\"A.L.E.S.C.A.A.\"},\"image\":{\"@id\":\"https:\/\/www.alescaa.fr\/#\/schema\/logo\/image\/\"}}]}<\/script>\n<!-- \/ Yoast SEO plugin. -->","yoast_head_json":{"title":"Les b\u00e9n\u00e9voles - A.L.E.S.C.A.A.","robots":{"index":"index","follow":"follow","max-snippet":"max-snippet:-1","max-image-preview":"max-image-preview:large","max-video-preview":"max-video-preview:-1"},"canonical":"https:\/\/www.alescaa.fr\/index.php\/les-benevoles\/","og_locale":"fr_FR","og_type":"article","og_title":"Les b\u00e9n\u00e9voles - A.L.E.S.C.A.A.","og_description":"Toute une \u00e9quipe motiv\u00e9e pour faire vivre l&rsquo;association. L&rsquo;association ne serait rien sans les b\u00e9n\u00e9voles. Et m\u00eame si certains ont des r\u00f4les sp\u00e9cifiques par statut ou habitudes, la plupart sont capables d&rsquo;intervenir sur toutes les manifestations. Cette \u00e9quipe, qui \u00e9volue au fil des ann\u00e9es et des manifestations (selon les disponibilit\u00e9s), est constitu\u00e9 d&rsquo;une quarantaine de [&hellip;]","og_url":"https:\/\/www.alescaa.fr\/index.php\/les-benevoles\/","og_site_name":"A.L.E.S.C.A.A.","article_modified_time":"2023-03-06T12:47:10+00:00","og_image":[{"url":"https:\/\/www.alescaa.fr\/wp-content\/uploads\/2022\/01\/Soiree-13-juillet-2017-1024x641.jpg"}],"twitter_card":"summary_large_image","twitter_misc":{"Dur\u00e9e de lecture estim\u00e9e":"4 minutes"},"schema":{"@context":"https:\/\/schema.org","@graph":[{"@type":"WebPage","@id":"https:\/\/www.alescaa.fr\/index.php\/les-benevoles\/","url":"https:\/\/www.alescaa.fr\/index.php\/les-benevoles\/","name":"Les b\u00e9n\u00e9voles - A.L.E.S.C.A.A.","isPartOf":{"@id":"https:\/\/www.alescaa.fr\/#website"},"datePublished":"2021-12-22T09:17:33+00:00","dateModified":"2023-03-06T12:47:10+00:00","breadcrumb":{"@id":"https:\/\/www.alescaa.fr\/index.php\/les-benevoles\/#breadcrumb"},"inLanguage":"fr-FR","potentialAction":[{"@type":"ReadAction","target":["https:\/\/www.alescaa.fr\/index.php\/les-benevoles\/"]}]},{"@type":"BreadcrumbList","@id":"https:\/\/www.alescaa.fr\/index.php\/les-benevoles\/#breadcrumb","itemListElement":[{"@type":"ListItem","position":1,"name":"Accueil","item":"https:\/\/www.alescaa.fr\/"},{"@type":"ListItem","position":2,"name":"Les b\u00e9n\u00e9voles"}]},{"@type":"WebSite","@id":"https:\/\/www.alescaa.fr\/#website","url":"https:\/\/www.alescaa.fr\/","name":"A.L.E.S.C.A.A.","description":"Amicale La\u00efque Educative Sportive et Culturelle d&#039;Autheuil-Authouillet","publisher":{"@id":"https:\/\/www.alescaa.fr\/#organization"},"potentialAction":[{"@type":"SearchAction","target":{"@type":"EntryPoint","urlTemplate":"https:\/\/www.alescaa.fr\/?s={search_term_string}"},"query-input":"required name=search_term_string"}],"inLanguage":"fr-FR"},{"@type":"Organization","@id":"https:\/\/www.alescaa.fr\/#organization","name":"A.L.E.S.C.A.A.","url":"https:\/\/www.alescaa.fr\/","logo":{"@type":"ImageObject","inLanguage":"fr-FR","@id":"https:\/\/www.alescaa.fr\/#\/schema\/logo\/image\/","url":"https:\/\/www.alescaa.fr\/wp-content\/uploads\/2022\/02\/Logo-Alescaa-2022.png","contentUrl":"https:\/\/www.alescaa.fr\/wp-content\/uploads\/2022\/02\/Logo-Alescaa-2022.png","width":512,"height":482,"caption":"A.L.E.S.C.A.A."},"image":{"@id":"https:\/\/www.alescaa.fr\/#\/schema\/logo\/image\/"}}]}},"_links":{"self":[{"href":"https:\/\/www.alescaa.fr\/index.php\/wp-json\/wp\/v2\/pages\/3309"}],"collection":[{"href":"https:\/\/www.alescaa.fr\/index.php\/wp-json\/wp\/v2\/pages"}],"about":[{"href":"https:\/\/www.alescaa.fr\/index.php\/wp-json\/wp\/v2\/types\/page"}],"author":[{"embeddable":true,"href":"https:\/\/www.alescaa.fr\/index.php\/wp-json\/wp\/v2\/users\/3"}],"replies":[{"embeddable":true,"href":"https:\/\/www.alescaa.fr\/index.php\/wp-json\/wp\/v2\/comments?post=3309"}],"version-history":[{"count":26,"href":"https:\/\/www.alescaa.fr\/index.php\/wp-json\/wp\/v2\/pages\/3309\/revisions"}],"predecessor-version":[{"id":4792,"href":"https:\/\/www.alescaa.fr\/index.php\/wp-json\/wp\/v2\/pages\/3309\/revisions\/4792"}],"wp:attachment":[{"href":"https:\/\/www.alescaa.fr\/index.php\/wp-json\/wp\/v2\/media?parent=3309"}],"curies":[{"name":"wp","href":"https:\/\/api.w.org\/{rel}","templated":true}]}}