{"id":3695,"date":"2021-12-30T18:56:05","date_gmt":"2021-12-30T17:56:05","guid":{"rendered":"https:\/\/www.alescaa.fr\/?page_id=3695"},"modified":"2023-03-06T13:53:33","modified_gmt":"2023-03-06T12:53:33","slug":"autres-manifestations","status":"publish","type":"page","link":"https:\/\/www.alescaa.fr\/index.php\/autres-manifestations\/","title":{"rendered":"Autres manifestations"},"content":{"rendered":"\n<p>Certaines manifestations th\u00e9matiques ne sont pas pr\u00e9vues pour \u00eatre reconduites tous les ans, voir n&rsquo;auront \u00e9t\u00e9 organis\u00e9es qu&rsquo;occasionnellement ou une seule fois sans donner suite pour autant. D&rsquo;autres n&rsquo;ont pas rencontr\u00e9 leur public, ou n&rsquo;ont pas convaincu dans le temps l&rsquo;\u00e9quipe organisatrice, qu&rsquo;elles soient pilot\u00e9es par les sections, ou l&rsquo;association. Nous pouvons citer, pour exemple, les manifestations suivantes :<\/p>\n\n\n\n<p><strong>Animations ponctuelles :<\/strong><\/p>\n\n\n\n<ul><li>Randonn\u00e9e musicale (organis\u00e9e par la section En voiture Simone)<\/li><li>Enqu\u00eate party (organis\u00e9e par la section En voiture Simone)<\/li><li>Sorties dans des parcs (Ast\u00e9rix, Zoo de Cerza, Festyland &#8211; organis\u00e9es par la section En voiture Simone)<\/li><li>Inter-villages (organis\u00e9 par l&rsquo;ALESCAA)<\/li><\/ul>\n\n\n\n<p><strong>Anciennes animations :<\/strong><\/p>\n\n\n\n<ul><li>Soir\u00e9es dansantes \u00e0 th\u00e8mes (organis\u00e9es par la section danse de salon et Afro-rythm, de 2009 \u00e0 2015)<\/li><li>Expositions artistiques : peinture &amp; sculpture (organis\u00e9e par la section Terre &amp; Toile, de 2012 \u00e0 2016, les ann\u00e9es paires)<\/li><li>Expositions photos (organis\u00e9e par la section Photographie dans les ann\u00e9es 80\/90)<\/li><li>Cross du muguet (organis\u00e9 tous les 1\u00b0 mai d\u00e8s la fin des ann\u00e9es 70 et jusqu&rsquo;au d\u00e9but des ann\u00e9es 90)<\/li><li>Randonn\u00e9es cyclotouristes (organis\u00e9es par la section cyclotourisme &#8211; il n&rsquo;y a pas de hasard, de 2005 \u00e0 2020)<\/li><li>Soir\u00e9e th\u00e9\u00e2tres (organis\u00e9e par l&rsquo;ALESCAA, de 2005 \u00e0 2009)<\/li><li>Sorties en cano\u00ebs (organis\u00e9e par l&rsquo;ALESCAA, de 2007 \u00e0 2014)<\/li><li>F\u00eate des sports &#8230; et de la convivialit\u00e9 (organis\u00e9e par l&rsquo;ALESCAA, de 2004 \u00e0 2017)<\/li><li>Vide grenier estival (organis\u00e9 par l&rsquo;ALESCAA, de 2008 \u00e0 2014)<\/li><\/ul>\n\n\n\n<figure class=\"wp-block-gallery aligncenter has-nested-images columns-4 is-cropped wp-block-gallery-1 is-layout-flex\">\n<figure class=\"wp-block-image size-large\"><img decoding=\"async\" loading=\"lazy\" width=\"679\" height=\"500\" data-id=\"3503\"  src=\"https:\/\/www.alescaa.fr\/wp-content\/uploads\/2021\/12\/Intervillages-2015-4-1.jpg\" alt=\"\" class=\"wp-image-3503\" srcset=\"https:\/\/www.alescaa.fr\/wp-content\/uploads\/2021\/12\/Intervillages-2015-4-1.jpg 679w, https:\/\/www.alescaa.fr\/wp-content\/uploads\/2021\/12\/Intervillages-2015-4-1-600x442.jpg 600w\" sizes=\"(max-width: 679px) 100vw, 679px\" \/><figcaption>@ALESCAA Concours de glissades lors de l&rsquo;intervillage<\/figcaption><\/figure>\n\n\n\n<figure class=\"wp-block-image size-large\"><img decoding=\"async\" loading=\"lazy\" width=\"823\" height=\"491\" data-id=\"3501\"  src=\"https:\/\/www.alescaa.fr\/wp-content\/uploads\/2021\/12\/Intervillages-2015-2-1.jpg\" alt=\"\" class=\"wp-image-3501\" srcset=\"https:\/\/www.alescaa.fr\/wp-content\/uploads\/2021\/12\/Intervillages-2015-2-1.jpg 823w, https:\/\/www.alescaa.fr\/wp-content\/uploads\/2021\/12\/Intervillages-2015-2-1-600x358.jpg 600w, https:\/\/www.alescaa.fr\/wp-content\/uploads\/2021\/12\/Intervillages-2015-2-1-768x458.jpg 768w\" sizes=\"(max-width: 823px) 100vw, 823px\" \/><figcaption>@ALESCAA Rod\u00e9o lors de l&rsquo;intervillage<\/figcaption><\/figure>\n\n\n\n<figure class=\"wp-block-image size-large\"><img decoding=\"async\" loading=\"lazy\" width=\"1024\" height=\"265\" data-id=\"3500\"  src=\"https:\/\/www.alescaa.fr\/wp-content\/uploads\/2021\/12\/Intervillages-2015-1.jpg\" alt=\"\" class=\"wp-image-3500\" srcset=\"https:\/\/www.alescaa.fr\/wp-content\/uploads\/2021\/12\/Intervillages-2015-1.jpg 1024w, https:\/\/www.alescaa.fr\/wp-content\/uploads\/2021\/12\/Intervillages-2015-1-600x155.jpg 600w, https:\/\/www.alescaa.fr\/wp-content\/uploads\/2021\/12\/Intervillages-2015-1-768x199.jpg 768w\" sizes=\"(max-width: 1024px) 100vw, 1024px\" \/><figcaption>@ALESCAA Tir \u00e0 la corde lors de la f\u00eate des sports et de la convivialit\u00e9<\/figcaption><\/figure>\n\n\n\n<figure class=\"wp-block-image size-large\"><img decoding=\"async\" loading=\"lazy\" width=\"1024\" height=\"841\" data-id=\"3459\"  src=\"https:\/\/www.alescaa.fr\/wp-content\/uploads\/2021\/12\/P1000521-1024x841.jpg\" alt=\"\" class=\"wp-image-3459\" srcset=\"https:\/\/www.alescaa.fr\/wp-content\/uploads\/2021\/12\/P1000521-1024x841.jpg 1024w, https:\/\/www.alescaa.fr\/wp-content\/uploads\/2021\/12\/P1000521-600x493.jpg 600w, https:\/\/www.alescaa.fr\/wp-content\/uploads\/2021\/12\/P1000521-768x631.jpg 768w, https:\/\/www.alescaa.fr\/wp-content\/uploads\/2021\/12\/P1000521-1536x1261.jpg 1536w, https:\/\/www.alescaa.fr\/wp-content\/uploads\/2021\/12\/P1000521.jpg 1728w\" sizes=\"(max-width: 1024px) 100vw, 1024px\" \/><figcaption>@ ALESCAA Bataille de cotons-tiges g\u00e9ants lors de l&rsquo;intervillage<\/figcaption><\/figure>\n\n\n\n<figure class=\"wp-block-image size-large\"><img decoding=\"async\" loading=\"lazy\" width=\"1024\" height=\"683\" data-id=\"3494\"  src=\"https:\/\/www.alescaa.fr\/wp-content\/uploads\/2021\/12\/DSC04774-1024x683.jpg\" alt=\"\" class=\"wp-image-3494\" srcset=\"https:\/\/www.alescaa.fr\/wp-content\/uploads\/2021\/12\/DSC04774-1024x683.jpg 1024w, https:\/\/www.alescaa.fr\/wp-content\/uploads\/2021\/12\/DSC04774-600x400.jpg 600w, https:\/\/www.alescaa.fr\/wp-content\/uploads\/2021\/12\/DSC04774-768x512.jpg 768w, https:\/\/www.alescaa.fr\/wp-content\/uploads\/2021\/12\/DSC04774-1536x1024.jpg 1536w, https:\/\/www.alescaa.fr\/wp-content\/uploads\/2021\/12\/DSC04774-2048x1365.jpg 2048w\" sizes=\"(max-width: 1024px) 100vw, 1024px\" \/><figcaption>@ ALESCAA D\u00e9cor lors de la soir\u00e9e Troquet<\/figcaption><\/figure>\n\n\n\n<figure class=\"wp-block-image size-large\"><img decoding=\"async\" loading=\"lazy\" width=\"1024\" height=\"683\" data-id=\"3493\"  src=\"https:\/\/www.alescaa.fr\/wp-content\/uploads\/2021\/12\/DSC04789-1024x683.jpg\" alt=\"\" class=\"wp-image-3493\" srcset=\"https:\/\/www.alescaa.fr\/wp-content\/uploads\/2021\/12\/DSC04789-1024x683.jpg 1024w, https:\/\/www.alescaa.fr\/wp-content\/uploads\/2021\/12\/DSC04789-600x400.jpg 600w, https:\/\/www.alescaa.fr\/wp-content\/uploads\/2021\/12\/DSC04789-768x512.jpg 768w, https:\/\/www.alescaa.fr\/wp-content\/uploads\/2021\/12\/DSC04789-1536x1024.jpg 1536w, https:\/\/www.alescaa.fr\/wp-content\/uploads\/2021\/12\/DSC04789-2048x1365.jpg 2048w\" sizes=\"(max-width: 1024px) 100vw, 1024px\" \/><figcaption>@ALESCAA Groupe musical lors d&rsquo;une soir\u00e9e Troquet<\/figcaption><\/figure>\n\n\n\n<figure class=\"wp-block-image size-large\"><img decoding=\"async\" loading=\"lazy\" width=\"684\" height=\"1024\" data-id=\"3483\"  src=\"https:\/\/www.alescaa.fr\/wp-content\/uploads\/2021\/12\/IMG_7049-684x1024.jpg\" alt=\"\" class=\"wp-image-3483\" srcset=\"https:\/\/www.alescaa.fr\/wp-content\/uploads\/2021\/12\/IMG_7049-684x1024.jpg 684w, https:\/\/www.alescaa.fr\/wp-content\/uploads\/2021\/12\/IMG_7049-401x600.jpg 401w, https:\/\/www.alescaa.fr\/wp-content\/uploads\/2021\/12\/IMG_7049-768x1150.jpg 768w, https:\/\/www.alescaa.fr\/wp-content\/uploads\/2021\/12\/IMG_7049-1025x1536.jpg 1025w, https:\/\/www.alescaa.fr\/wp-content\/uploads\/2021\/12\/IMG_7049-1367x2048.jpg 1367w, https:\/\/www.alescaa.fr\/wp-content\/uploads\/2021\/12\/IMG_7049-scaled.jpg 1709w\" sizes=\"(max-width: 684px) 100vw, 684px\" \/><figcaption>@ALESCAA Tour de magie lors de la soir\u00e9e Cabaret<\/figcaption><\/figure>\n\n\n\n<figure class=\"wp-block-image size-large\"><img decoding=\"async\" loading=\"lazy\" width=\"882\" height=\"530\" data-id=\"3487\"  src=\"https:\/\/www.alescaa.fr\/wp-content\/uploads\/2021\/12\/Groupe-soiree-Irlandaise.jpg\" alt=\"\" class=\"wp-image-3487\" srcset=\"https:\/\/www.alescaa.fr\/wp-content\/uploads\/2021\/12\/Groupe-soiree-Irlandaise.jpg 882w, https:\/\/www.alescaa.fr\/wp-content\/uploads\/2021\/12\/Groupe-soiree-Irlandaise-600x361.jpg 600w, https:\/\/www.alescaa.fr\/wp-content\/uploads\/2021\/12\/Groupe-soiree-Irlandaise-768x461.jpg 768w\" sizes=\"(max-width: 882px) 100vw, 882px\" \/><figcaption>@ALESCAA Groupe de musique lors de la soir\u00e9e irlandaise<\/figcaption><\/figure>\n\n\n\n<figure class=\"wp-block-image size-large\"><img decoding=\"async\" loading=\"lazy\" width=\"1024\" height=\"684\" data-id=\"3464\"  src=\"https:\/\/www.alescaa.fr\/wp-content\/uploads\/2021\/12\/IMG_6583-1024x684.jpg\" alt=\"\" class=\"wp-image-3464\" srcset=\"https:\/\/www.alescaa.fr\/wp-content\/uploads\/2021\/12\/IMG_6583-1024x684.jpg 1024w, https:\/\/www.alescaa.fr\/wp-content\/uploads\/2021\/12\/IMG_6583-600x401.jpg 600w, https:\/\/www.alescaa.fr\/wp-content\/uploads\/2021\/12\/IMG_6583-768x513.jpg 768w, https:\/\/www.alescaa.fr\/wp-content\/uploads\/2021\/12\/IMG_6583-1536x1025.jpg 1536w, https:\/\/www.alescaa.fr\/wp-content\/uploads\/2021\/12\/IMG_6583-2048x1367.jpg 2048w\" sizes=\"(max-width: 1024px) 100vw, 1024px\" \/><figcaption>@ALESCAA Duel de sumos lors de l&rsquo;intervillage<\/figcaption><\/figure>\n\n\n\n<figure class=\"wp-block-image size-large\"><img decoding=\"async\" loading=\"lazy\" width=\"780\" height=\"611\" data-id=\"3486\"  src=\"https:\/\/www.alescaa.fr\/wp-content\/uploads\/2021\/12\/Groupe-disco-bleu.jpg\" alt=\"\" class=\"wp-image-3486\" srcset=\"https:\/\/www.alescaa.fr\/wp-content\/uploads\/2021\/12\/Groupe-disco-bleu.jpg 780w, https:\/\/www.alescaa.fr\/wp-content\/uploads\/2021\/12\/Groupe-disco-bleu-600x470.jpg 600w, https:\/\/www.alescaa.fr\/wp-content\/uploads\/2021\/12\/Groupe-disco-bleu-768x602.jpg 768w\" sizes=\"(max-width: 780px) 100vw, 780px\" \/><figcaption>@ALESCAA Groupe de danseurs lors de la soir\u00e9e Disco<\/figcaption><\/figure>\n\n\n\n<figure class=\"wp-block-image size-large\"><img decoding=\"async\" loading=\"lazy\" width=\"1024\" height=\"768\" data-id=\"3455\"  src=\"https:\/\/www.alescaa.fr\/wp-content\/uploads\/2021\/12\/la-course-en-sac-1024x768.jpg\" alt=\"\" class=\"wp-image-3455\" srcset=\"https:\/\/www.alescaa.fr\/wp-content\/uploads\/2021\/12\/la-course-en-sac-1024x768.jpg 1024w, https:\/\/www.alescaa.fr\/wp-content\/uploads\/2021\/12\/la-course-en-sac-600x450.jpg 600w, https:\/\/www.alescaa.fr\/wp-content\/uploads\/2021\/12\/la-course-en-sac-768x576.jpg 768w, https:\/\/www.alescaa.fr\/wp-content\/uploads\/2021\/12\/la-course-en-sac.jpg 1280w\" sizes=\"(max-width: 1024px) 100vw, 1024px\" \/><figcaption>@ALESCAA Avant le d\u00e9part de la course en sacs lors de l&rsquo;intervillage<\/figcaption><\/figure>\n\n\n\n<figure class=\"wp-block-image size-large\"><img decoding=\"async\" loading=\"lazy\" width=\"1024\" height=\"675\" data-id=\"3453\"  src=\"https:\/\/www.alescaa.fr\/wp-content\/uploads\/2021\/12\/alescaa7-1024x675.jpg\" alt=\"\" class=\"wp-image-3453\" srcset=\"https:\/\/www.alescaa.fr\/wp-content\/uploads\/2021\/12\/alescaa7-1024x675.jpg 1024w, https:\/\/www.alescaa.fr\/wp-content\/uploads\/2021\/12\/alescaa7-600x396.jpg 600w, https:\/\/www.alescaa.fr\/wp-content\/uploads\/2021\/12\/alescaa7-768x506.jpg 768w, https:\/\/www.alescaa.fr\/wp-content\/uploads\/2021\/12\/alescaa7-1536x1013.jpg 1536w, https:\/\/www.alescaa.fr\/wp-content\/uploads\/2021\/12\/alescaa7.jpg 1749w\" sizes=\"(max-width: 1024px) 100vw, 1024px\" \/><figcaption>@ALESCAA Juste avant le d\u00e9part du Cross du muguet<\/figcaption><\/figure>\n<\/figure>\n","protected":false},"excerpt":{"rendered":"<p>Certaines manifestations th\u00e9matiques ne sont pas pr\u00e9vues pour \u00eatre reconduites tous les ans, voir n&rsquo;auront \u00e9t\u00e9 organis\u00e9es qu&rsquo;occasionnellement ou une seule fois sans donner suite pour autant. D&rsquo;autres n&rsquo;ont pas rencontr\u00e9 leur public, ou n&rsquo;ont pas convaincu dans le temps l&rsquo;\u00e9quipe organisatrice, qu&rsquo;elles soient pilot\u00e9es par les sections, ou l&rsquo;association. Nous pouvons citer, pour exemple, [&hellip;]<\/p>\n","protected":false},"author":3,"featured_media":0,"parent":0,"menu_order":0,"comment_status":"closed","ping_status":"closed","template":"","meta":[],"yoast_head":"<!-- This site is optimized with the Yoast SEO plugin v21.8.1 - https:\/\/yoast.com\/wordpress\/plugins\/seo\/ -->\n<title>Autres manifestations - A.L.E.S.C.A.A.<\/title>\n<meta name=\"robots\" content=\"index, follow, max-snippet:-1, max-image-preview:large, max-video-preview:-1\" \/>\n<link rel=\"canonical\" href=\"https:\/\/www.alescaa.fr\/index.php\/autres-manifestations\/\" \/>\n<meta property=\"og:locale\" content=\"fr_FR\" \/>\n<meta property=\"og:type\" content=\"article\" \/>\n<meta property=\"og:title\" content=\"Autres manifestations - A.L.E.S.C.A.A.\" \/>\n<meta property=\"og:description\" content=\"Certaines manifestations th\u00e9matiques ne sont pas pr\u00e9vues pour \u00eatre reconduites tous les ans, voir n&rsquo;auront \u00e9t\u00e9 organis\u00e9es qu&rsquo;occasionnellement ou une seule fois sans donner suite pour autant. D&rsquo;autres n&rsquo;ont pas rencontr\u00e9 leur public, ou n&rsquo;ont pas convaincu dans le temps l&rsquo;\u00e9quipe organisatrice, qu&rsquo;elles soient pilot\u00e9es par les sections, ou l&rsquo;association. Nous pouvons citer, pour exemple, [&hellip;]\" \/>\n<meta property=\"og:url\" content=\"https:\/\/www.alescaa.fr\/index.php\/autres-manifestations\/\" \/>\n<meta property=\"og:site_name\" content=\"A.L.E.S.C.A.A.\" \/>\n<meta property=\"article:modified_time\" content=\"2023-03-06T12:53:33+00:00\" \/>\n<meta property=\"og:image\" content=\"https:\/\/www.alescaa.fr\/wp-content\/uploads\/2021\/12\/Intervillages-2015-4-1.jpg\" \/>\n<meta name=\"twitter:card\" content=\"summary_large_image\" \/>\n<meta name=\"twitter:label1\" content=\"Dur\u00e9e de lecture estim\u00e9e\" \/>\n\t<meta name=\"twitter:data1\" content=\"5 minutes\" \/>\n<script type=\"application\/ld+json\" class=\"yoast-schema-graph\">{\"@context\":\"https:\/\/schema.org\",\"@graph\":[{\"@type\":\"WebPage\",\"@id\":\"https:\/\/www.alescaa.fr\/index.php\/autres-manifestations\/\",\"url\":\"https:\/\/www.alescaa.fr\/index.php\/autres-manifestations\/\",\"name\":\"Autres manifestations - A.L.E.S.C.A.A.\",\"isPartOf\":{\"@id\":\"https:\/\/www.alescaa.fr\/#website\"},\"datePublished\":\"2021-12-30T17:56:05+00:00\",\"dateModified\":\"2023-03-06T12:53:33+00:00\",\"breadcrumb\":{\"@id\":\"https:\/\/www.alescaa.fr\/index.php\/autres-manifestations\/#breadcrumb\"},\"inLanguage\":\"fr-FR\",\"potentialAction\":[{\"@type\":\"ReadAction\",\"target\":[\"https:\/\/www.alescaa.fr\/index.php\/autres-manifestations\/\"]}]},{\"@type\":\"BreadcrumbList\",\"@id\":\"https:\/\/www.alescaa.fr\/index.php\/autres-manifestations\/#breadcrumb\",\"itemListElement\":[{\"@type\":\"ListItem\",\"position\":1,\"name\":\"Accueil\",\"item\":\"https:\/\/www.alescaa.fr\/\"},{\"@type\":\"ListItem\",\"position\":2,\"name\":\"Autres manifestations\"}]},{\"@type\":\"WebSite\",\"@id\":\"https:\/\/www.alescaa.fr\/#website\",\"url\":\"https:\/\/www.alescaa.fr\/\",\"name\":\"A.L.E.S.C.A.A.\",\"description\":\"Amicale La\u00efque Educative Sportive et Culturelle d&#039;Autheuil-Authouillet\",\"publisher\":{\"@id\":\"https:\/\/www.alescaa.fr\/#organization\"},\"potentialAction\":[{\"@type\":\"SearchAction\",\"target\":{\"@type\":\"EntryPoint\",\"urlTemplate\":\"https:\/\/www.alescaa.fr\/?s={search_term_string}\"},\"query-input\":\"required name=search_term_string\"}],\"inLanguage\":\"fr-FR\"},{\"@type\":\"Organization\",\"@id\":\"https:\/\/www.alescaa.fr\/#organization\",\"name\":\"A.L.E.S.C.A.A.\",\"url\":\"https:\/\/www.alescaa.fr\/\",\"logo\":{\"@type\":\"ImageObject\",\"inLanguage\":\"fr-FR\",\"@id\":\"https:\/\/www.alescaa.fr\/#\/schema\/logo\/image\/\",\"url\":\"https:\/\/www.alescaa.fr\/wp-content\/uploads\/2022\/02\/Logo-Alescaa-2022.png\",\"contentUrl\":\"https:\/\/www.alescaa.fr\/wp-content\/uploads\/2022\/02\/Logo-Alescaa-2022.png\",\"width\":512,\"height\":482,\"caption\":\"A.L.E.S.C.A.A.\"},\"image\":{\"@id\":\"https:\/\/www.alescaa.fr\/#\/schema\/logo\/image\/\"}}]}<\/script>\n<!-- \/ Yoast SEO plugin. -->","yoast_head_json":{"title":"Autres manifestations - A.L.E.S.C.A.A.","robots":{"index":"index","follow":"follow","max-snippet":"max-snippet:-1","max-image-preview":"max-image-preview:large","max-video-preview":"max-video-preview:-1"},"canonical":"https:\/\/www.alescaa.fr\/index.php\/autres-manifestations\/","og_locale":"fr_FR","og_type":"article","og_title":"Autres manifestations - A.L.E.S.C.A.A.","og_description":"Certaines manifestations th\u00e9matiques ne sont pas pr\u00e9vues pour \u00eatre reconduites tous les ans, voir n&rsquo;auront \u00e9t\u00e9 organis\u00e9es qu&rsquo;occasionnellement ou une seule fois sans donner suite pour autant. D&rsquo;autres n&rsquo;ont pas rencontr\u00e9 leur public, ou n&rsquo;ont pas convaincu dans le temps l&rsquo;\u00e9quipe organisatrice, qu&rsquo;elles soient pilot\u00e9es par les sections, ou l&rsquo;association. Nous pouvons citer, pour exemple, [&hellip;]","og_url":"https:\/\/www.alescaa.fr\/index.php\/autres-manifestations\/","og_site_name":"A.L.E.S.C.A.A.","article_modified_time":"2023-03-06T12:53:33+00:00","og_image":[{"url":"https:\/\/www.alescaa.fr\/wp-content\/uploads\/2021\/12\/Intervillages-2015-4-1.jpg"}],"twitter_card":"summary_large_image","twitter_misc":{"Dur\u00e9e de lecture estim\u00e9e":"5 minutes"},"schema":{"@context":"https:\/\/schema.org","@graph":[{"@type":"WebPage","@id":"https:\/\/www.alescaa.fr\/index.php\/autres-manifestations\/","url":"https:\/\/www.alescaa.fr\/index.php\/autres-manifestations\/","name":"Autres manifestations - A.L.E.S.C.A.A.","isPartOf":{"@id":"https:\/\/www.alescaa.fr\/#website"},"datePublished":"2021-12-30T17:56:05+00:00","dateModified":"2023-03-06T12:53:33+00:00","breadcrumb":{"@id":"https:\/\/www.alescaa.fr\/index.php\/autres-manifestations\/#breadcrumb"},"inLanguage":"fr-FR","potentialAction":[{"@type":"ReadAction","target":["https:\/\/www.alescaa.fr\/index.php\/autres-manifestations\/"]}]},{"@type":"BreadcrumbList","@id":"https:\/\/www.alescaa.fr\/index.php\/autres-manifestations\/#breadcrumb","itemListElement":[{"@type":"ListItem","position":1,"name":"Accueil","item":"https:\/\/www.alescaa.fr\/"},{"@type":"ListItem","position":2,"name":"Autres manifestations"}]},{"@type":"WebSite","@id":"https:\/\/www.alescaa.fr\/#website","url":"https:\/\/www.alescaa.fr\/","name":"A.L.E.S.C.A.A.","description":"Amicale La\u00efque Educative Sportive et Culturelle d&#039;Autheuil-Authouillet","publisher":{"@id":"https:\/\/www.alescaa.fr\/#organization"},"potentialAction":[{"@type":"SearchAction","target":{"@type":"EntryPoint","urlTemplate":"https:\/\/www.alescaa.fr\/?s={search_term_string}"},"query-input":"required name=search_term_string"}],"inLanguage":"fr-FR"},{"@type":"Organization","@id":"https:\/\/www.alescaa.fr\/#organization","name":"A.L.E.S.C.A.A.","url":"https:\/\/www.alescaa.fr\/","logo":{"@type":"ImageObject","inLanguage":"fr-FR","@id":"https:\/\/www.alescaa.fr\/#\/schema\/logo\/image\/","url":"https:\/\/www.alescaa.fr\/wp-content\/uploads\/2022\/02\/Logo-Alescaa-2022.png","contentUrl":"https:\/\/www.alescaa.fr\/wp-content\/uploads\/2022\/02\/Logo-Alescaa-2022.png","width":512,"height":482,"caption":"A.L.E.S.C.A.A."},"image":{"@id":"https:\/\/www.alescaa.fr\/#\/schema\/logo\/image\/"}}]}},"_links":{"self":[{"href":"https:\/\/www.alescaa.fr\/index.php\/wp-json\/wp\/v2\/pages\/3695"}],"collection":[{"href":"https:\/\/www.alescaa.fr\/index.php\/wp-json\/wp\/v2\/pages"}],"about":[{"href":"https:\/\/www.alescaa.fr\/index.php\/wp-json\/wp\/v2\/types\/page"}],"author":[{"embeddable":true,"href":"https:\/\/www.alescaa.fr\/index.php\/wp-json\/wp\/v2\/users\/3"}],"replies":[{"embeddable":true,"href":"https:\/\/www.alescaa.fr\/index.php\/wp-json\/wp\/v2\/comments?post=3695"}],"version-history":[{"count":12,"href":"https:\/\/www.alescaa.fr\/index.php\/wp-json\/wp\/v2\/pages\/3695\/revisions"}],"predecessor-version":[{"id":4794,"href":"https:\/\/www.alescaa.fr\/index.php\/wp-json\/wp\/v2\/pages\/3695\/revisions\/4794"}],"wp:attachment":[{"href":"https:\/\/www.alescaa.fr\/index.php\/wp-json\/wp\/v2\/media?parent=3695"}],"curies":[{"name":"wp","href":"https:\/\/api.w.org\/{rel}","templated":true}]}}