{"id":3916,"date":"2022-01-03T14:42:20","date_gmt":"2022-01-03T13:42:20","guid":{"rendered":"https:\/\/www.alescaa.fr\/?page_id=3916"},"modified":"2023-03-06T13:50:46","modified_gmt":"2023-03-06T12:50:46","slug":"principales-manifestations","status":"publish","type":"page","link":"https:\/\/www.alescaa.fr\/index.php\/principales-manifestations\/","title":{"rendered":"Principales manifestations"},"content":{"rendered":"\n<p class=\"has-black-color has-white-background-color has-text-color has-background has-medium-font-size\"><strong>M\u00eame si le programme des manifestations varie chaque ann\u00e9e, certaines sont presque syst\u00e9matiquement reconduites.<\/strong><\/p>\n\n\n\n<p>Il s&rsquo;agit de manifestations populaires qui rencontrent un large public de tous les \u00e2ges de la commune et d&rsquo;au del\u00e0. Elles peuvent \u00eatre organis\u00e9es par l&rsquo;association, mais aussi par une de ses sections. Celles qui sont reconduites chaque ann\u00e9e, sauf en cas de raisons exceptionnelles, sont les suivantes :<\/p>\n\n\n\n<ul><li>La boom des enfants (f\u00e9vrier \/ mars)<\/li><li>La Foire \u00e0 Tout de P\u00e2ques<\/li><li>La f\u00eate foraine de P\u00e2ques<\/li><li>La soir\u00e9e du 13 juillet : barbecue, retraite aux flambeaux, feu d&rsquo;artifice et bal populaire<\/li><li>La bourse aux jouets et \u00e0 la pu\u00e9riculture (vers mi-octobre)<\/li><li>Le spectacle de No\u00ebl avec cadeaux et chocolats remis par le p\u00e8re No\u00ebl (d\u00e9but d\u00e9cembre)<\/li><li>Le repas des b\u00e9n\u00e9voles : il ne tient qu&rsquo;\u00e0 vous de nous rejoindre pour y participer<\/li><\/ul>\n\n\n\n<figure class=\"wp-block-gallery has-nested-images columns-4 is-cropped wp-block-gallery-1 is-layout-flex\">\n<figure class=\"wp-block-image size-large\"><img decoding=\"async\" loading=\"lazy\" width=\"1024\" height=\"498\" data-id=\"4110\"  src=\"https:\/\/www.alescaa.fr\/wp-content\/uploads\/2022\/01\/Fete-foraine-2-1024x498.jpg\" alt=\"\" class=\"wp-image-4110\" srcset=\"https:\/\/www.alescaa.fr\/wp-content\/uploads\/2022\/01\/Fete-foraine-2-1024x498.jpg 1024w, https:\/\/www.alescaa.fr\/wp-content\/uploads\/2022\/01\/Fete-foraine-2-600x292.jpg 600w, https:\/\/www.alescaa.fr\/wp-content\/uploads\/2022\/01\/Fete-foraine-2-768x373.jpg 768w, https:\/\/www.alescaa.fr\/wp-content\/uploads\/2022\/01\/Fete-foraine-2-1536x746.jpg 1536w, https:\/\/www.alescaa.fr\/wp-content\/uploads\/2022\/01\/Fete-foraine-2-2048x995.jpg 2048w\" sizes=\"(max-width: 1024px) 100vw, 1024px\" \/><figcaption>@ALESCAA Les b\u00e9n\u00e9voles dans les auto-tamponneuses<\/figcaption><\/figure>\n\n\n\n<figure class=\"wp-block-image size-large\"><img decoding=\"async\" loading=\"lazy\" width=\"460\" height=\"345\" data-id=\"3083\"  src=\"https:\/\/www.alescaa.fr\/wp-content\/uploads\/2021\/11\/image-28.png\" alt=\"\" class=\"wp-image-3083\"\/><figcaption>@ALESCAA Sur le parcours de la retraite aux flambeaux du 13 juillet<\/figcaption><\/figure>\n\n\n\n<figure class=\"wp-block-image size-large\"><img decoding=\"async\" loading=\"lazy\" width=\"497\" height=\"383\" data-id=\"3506\"  src=\"https:\/\/www.alescaa.fr\/wp-content\/uploads\/2021\/12\/paques-2008-4.jpg\" alt=\"\" class=\"wp-image-3506\"\/><figcaption>@ALESCAA Vue sur la Foire \u00e0 Tout<\/figcaption><\/figure>\n\n\n\n<figure class=\"wp-block-image size-large\"><img decoding=\"async\" loading=\"lazy\" width=\"640\" height=\"480\" data-id=\"4103\"  src=\"https:\/\/www.alescaa.fr\/wp-content\/uploads\/2022\/01\/2016-Photo-de-groupe-avec-troupe-et-pere-Noel.jpg\" alt=\"\" class=\"wp-image-4103\" srcset=\"https:\/\/www.alescaa.fr\/wp-content\/uploads\/2022\/01\/2016-Photo-de-groupe-avec-troupe-et-pere-Noel.jpg 640w, https:\/\/www.alescaa.fr\/wp-content\/uploads\/2022\/01\/2016-Photo-de-groupe-avec-troupe-et-pere-Noel-600x450.jpg 600w\" sizes=\"(max-width: 640px) 100vw, 640px\" \/><figcaption>@ALESCAA Le p\u00e8re No\u00ebl et les enfants<\/figcaption><\/figure>\n\n\n\n<figure class=\"wp-block-image size-large\"><img decoding=\"async\" loading=\"lazy\" width=\"1024\" height=\"683\" data-id=\"4107\"  src=\"https:\/\/www.alescaa.fr\/wp-content\/uploads\/2022\/01\/IMG_6814-1024x683.jpg\" alt=\"\" class=\"wp-image-4107\" srcset=\"https:\/\/www.alescaa.fr\/wp-content\/uploads\/2022\/01\/IMG_6814-1024x683.jpg 1024w, https:\/\/www.alescaa.fr\/wp-content\/uploads\/2022\/01\/IMG_6814-600x400.jpg 600w, https:\/\/www.alescaa.fr\/wp-content\/uploads\/2022\/01\/IMG_6814-768x512.jpg 768w, https:\/\/www.alescaa.fr\/wp-content\/uploads\/2022\/01\/IMG_6814-1536x1024.jpg 1536w, https:\/\/www.alescaa.fr\/wp-content\/uploads\/2022\/01\/IMG_6814-2048x1365.jpg 2048w\" sizes=\"(max-width: 1024px) 100vw, 1024px\" \/><figcaption>@ALESCAA Compte de No\u00ebl<\/figcaption><\/figure>\n\n\n\n<figure class=\"wp-block-image size-large\"><img decoding=\"async\" loading=\"lazy\" width=\"1024\" height=\"684\" data-id=\"4104\"  src=\"https:\/\/www.alescaa.fr\/wp-content\/uploads\/2022\/01\/IMG_4751-1024x684.jpg\" alt=\"\" class=\"wp-image-4104\" srcset=\"https:\/\/www.alescaa.fr\/wp-content\/uploads\/2022\/01\/IMG_4751-1024x684.jpg 1024w, https:\/\/www.alescaa.fr\/wp-content\/uploads\/2022\/01\/IMG_4751-600x401.jpg 600w, https:\/\/www.alescaa.fr\/wp-content\/uploads\/2022\/01\/IMG_4751-768x513.jpg 768w, https:\/\/www.alescaa.fr\/wp-content\/uploads\/2022\/01\/IMG_4751-1536x1025.jpg 1536w, https:\/\/www.alescaa.fr\/wp-content\/uploads\/2022\/01\/IMG_4751-2048x1367.jpg 2048w\" sizes=\"(max-width: 1024px) 100vw, 1024px\" \/><figcaption>@ALESCAA Moment de convivialit\u00e9<\/figcaption><\/figure>\n\n\n\n<figure class=\"wp-block-image size-large\"><img decoding=\"async\" loading=\"lazy\" width=\"1024\" height=\"498\" data-id=\"4109\"  src=\"https:\/\/www.alescaa.fr\/wp-content\/uploads\/2022\/01\/Fete-foraine-1-1024x498.jpg\" alt=\"\" class=\"wp-image-4109\" srcset=\"https:\/\/www.alescaa.fr\/wp-content\/uploads\/2022\/01\/Fete-foraine-1-1024x498.jpg 1024w, https:\/\/www.alescaa.fr\/wp-content\/uploads\/2022\/01\/Fete-foraine-1-600x292.jpg 600w, https:\/\/www.alescaa.fr\/wp-content\/uploads\/2022\/01\/Fete-foraine-1-768x373.jpg 768w, https:\/\/www.alescaa.fr\/wp-content\/uploads\/2022\/01\/Fete-foraine-1-1536x746.jpg 1536w, https:\/\/www.alescaa.fr\/wp-content\/uploads\/2022\/01\/Fete-foraine-1-2048x995.jpg 2048w\" sizes=\"(max-width: 1024px) 100vw, 1024px\" \/><figcaption>@ ALESCAA F\u00eate foraine de P\u00e2ques<\/figcaption><\/figure>\n\n\n\n<figure class=\"wp-block-image size-large\"><img decoding=\"async\" loading=\"lazy\" width=\"215\" height=\"125\" data-id=\"4108\"  src=\"https:\/\/www.alescaa.fr\/wp-content\/uploads\/2022\/01\/Retraite-aux-flambeaux.png\" alt=\"\" class=\"wp-image-4108\"\/><figcaption>@ALESCAA Retraite au flambeaux du 13 juillet<\/figcaption><\/figure>\n\n\n\n<figure class=\"wp-block-image size-large\"><img decoding=\"async\" loading=\"lazy\" width=\"427\" height=\"548\" data-id=\"3472\"  src=\"https:\/\/www.alescaa.fr\/wp-content\/uploads\/2021\/12\/FAT-2015-Rue-YM-cote-Boulangerie-et-parking-ecole.jpg\" alt=\"\" class=\"wp-image-3472\"\/><figcaption>@ALESCAA La foire \u00e0 tout<\/figcaption><\/figure>\n\n\n\n<figure class=\"wp-block-image size-large\"><img decoding=\"async\" loading=\"lazy\" width=\"346\" height=\"460\" data-id=\"3063\"  src=\"https:\/\/www.alescaa.fr\/wp-content\/uploads\/2021\/11\/image-16.png\" alt=\"\" class=\"wp-image-3063\"\/><figcaption>@ ALESCAA  Entr\u00e9e de la f\u00eate foraine<\/figcaption><\/figure>\n\n\n\n<figure class=\"wp-block-image size-large\"><img decoding=\"async\" loading=\"lazy\" width=\"338\" height=\"754\" data-id=\"4106\"  src=\"https:\/\/www.alescaa.fr\/wp-content\/uploads\/2022\/01\/Buche-de-Noel.jpg\" alt=\"\" class=\"wp-image-4106\" srcset=\"https:\/\/www.alescaa.fr\/wp-content\/uploads\/2022\/01\/Buche-de-Noel.jpg 338w, https:\/\/www.alescaa.fr\/wp-content\/uploads\/2022\/01\/Buche-de-Noel-269x600.jpg 269w\" sizes=\"(max-width: 338px) 100vw, 338px\" \/><figcaption>@ALESCAA B\u00fbche de No\u00ebl g\u00e9ante<\/figcaption><\/figure>\n\n\n\n<figure class=\"wp-block-image size-large\"><img decoding=\"async\" loading=\"lazy\" width=\"684\" height=\"1024\" data-id=\"4105\"  src=\"https:\/\/www.alescaa.fr\/wp-content\/uploads\/2022\/01\/IMG_4748-pour-article-petit-communal-684x1024.jpg\" alt=\"\" class=\"wp-image-4105\" srcset=\"https:\/\/www.alescaa.fr\/wp-content\/uploads\/2022\/01\/IMG_4748-pour-article-petit-communal-684x1024.jpg 684w, https:\/\/www.alescaa.fr\/wp-content\/uploads\/2022\/01\/IMG_4748-pour-article-petit-communal-401x600.jpg 401w, https:\/\/www.alescaa.fr\/wp-content\/uploads\/2022\/01\/IMG_4748-pour-article-petit-communal-768x1150.jpg 768w, https:\/\/www.alescaa.fr\/wp-content\/uploads\/2022\/01\/IMG_4748-pour-article-petit-communal-1025x1536.jpg 1025w, https:\/\/www.alescaa.fr\/wp-content\/uploads\/2022\/01\/IMG_4748-pour-article-petit-communal-1367x2048.jpg 1367w, https:\/\/www.alescaa.fr\/wp-content\/uploads\/2022\/01\/IMG_4748-pour-article-petit-communal-scaled.jpg 1709w\" sizes=\"(max-width: 684px) 100vw, 684px\" \/><figcaption>@ALESCAA Repas des b\u00e9n\u00e9voles<\/figcaption><\/figure>\n<\/figure>\n","protected":false},"excerpt":{"rendered":"<p>M\u00eame si le programme des manifestations varie chaque ann\u00e9e, certaines sont presque syst\u00e9matiquement reconduites. Il s&rsquo;agit de manifestations populaires qui rencontrent un large public de tous les \u00e2ges de la commune et d&rsquo;au del\u00e0. Elles peuvent \u00eatre organis\u00e9es par l&rsquo;association, mais aussi par une de ses sections. Celles qui sont reconduites chaque ann\u00e9e, sauf en [&hellip;]<\/p>\n","protected":false},"author":3,"featured_media":0,"parent":0,"menu_order":0,"comment_status":"closed","ping_status":"closed","template":"","meta":[],"yoast_head":"<!-- This site is optimized with the Yoast SEO plugin v21.8.1 - https:\/\/yoast.com\/wordpress\/plugins\/seo\/ -->\n<title>Principales manifestations - A.L.E.S.C.A.A.<\/title>\n<meta name=\"robots\" content=\"index, follow, max-snippet:-1, max-image-preview:large, max-video-preview:-1\" \/>\n<link rel=\"canonical\" href=\"https:\/\/www.alescaa.fr\/index.php\/principales-manifestations\/\" \/>\n<meta property=\"og:locale\" content=\"fr_FR\" \/>\n<meta property=\"og:type\" content=\"article\" \/>\n<meta property=\"og:title\" content=\"Principales manifestations - A.L.E.S.C.A.A.\" \/>\n<meta property=\"og:description\" content=\"M\u00eame si le programme des manifestations varie chaque ann\u00e9e, certaines sont presque syst\u00e9matiquement reconduites. Il s&rsquo;agit de manifestations populaires qui rencontrent un large public de tous les \u00e2ges de la commune et d&rsquo;au del\u00e0. Elles peuvent \u00eatre organis\u00e9es par l&rsquo;association, mais aussi par une de ses sections. Celles qui sont reconduites chaque ann\u00e9e, sauf en [&hellip;]\" \/>\n<meta property=\"og:url\" content=\"https:\/\/www.alescaa.fr\/index.php\/principales-manifestations\/\" \/>\n<meta property=\"og:site_name\" content=\"A.L.E.S.C.A.A.\" \/>\n<meta property=\"article:modified_time\" content=\"2023-03-06T12:50:46+00:00\" \/>\n<meta property=\"og:image\" content=\"https:\/\/www.alescaa.fr\/wp-content\/uploads\/2022\/01\/Fete-foraine-2-1024x498.jpg\" \/>\n<meta name=\"twitter:card\" content=\"summary_large_image\" \/>\n<meta name=\"twitter:label1\" content=\"Dur\u00e9e de lecture estim\u00e9e\" \/>\n\t<meta name=\"twitter:data1\" content=\"4 minutes\" \/>\n<script type=\"application\/ld+json\" class=\"yoast-schema-graph\">{\"@context\":\"https:\/\/schema.org\",\"@graph\":[{\"@type\":\"WebPage\",\"@id\":\"https:\/\/www.alescaa.fr\/index.php\/principales-manifestations\/\",\"url\":\"https:\/\/www.alescaa.fr\/index.php\/principales-manifestations\/\",\"name\":\"Principales manifestations - A.L.E.S.C.A.A.\",\"isPartOf\":{\"@id\":\"https:\/\/www.alescaa.fr\/#website\"},\"datePublished\":\"2022-01-03T13:42:20+00:00\",\"dateModified\":\"2023-03-06T12:50:46+00:00\",\"breadcrumb\":{\"@id\":\"https:\/\/www.alescaa.fr\/index.php\/principales-manifestations\/#breadcrumb\"},\"inLanguage\":\"fr-FR\",\"potentialAction\":[{\"@type\":\"ReadAction\",\"target\":[\"https:\/\/www.alescaa.fr\/index.php\/principales-manifestations\/\"]}]},{\"@type\":\"BreadcrumbList\",\"@id\":\"https:\/\/www.alescaa.fr\/index.php\/principales-manifestations\/#breadcrumb\",\"itemListElement\":[{\"@type\":\"ListItem\",\"position\":1,\"name\":\"Accueil\",\"item\":\"https:\/\/www.alescaa.fr\/\"},{\"@type\":\"ListItem\",\"position\":2,\"name\":\"Principales manifestations\"}]},{\"@type\":\"WebSite\",\"@id\":\"https:\/\/www.alescaa.fr\/#website\",\"url\":\"https:\/\/www.alescaa.fr\/\",\"name\":\"A.L.E.S.C.A.A.\",\"description\":\"Amicale La\u00efque Educative Sportive et Culturelle d&#039;Autheuil-Authouillet\",\"publisher\":{\"@id\":\"https:\/\/www.alescaa.fr\/#organization\"},\"potentialAction\":[{\"@type\":\"SearchAction\",\"target\":{\"@type\":\"EntryPoint\",\"urlTemplate\":\"https:\/\/www.alescaa.fr\/?s={search_term_string}\"},\"query-input\":\"required name=search_term_string\"}],\"inLanguage\":\"fr-FR\"},{\"@type\":\"Organization\",\"@id\":\"https:\/\/www.alescaa.fr\/#organization\",\"name\":\"A.L.E.S.C.A.A.\",\"url\":\"https:\/\/www.alescaa.fr\/\",\"logo\":{\"@type\":\"ImageObject\",\"inLanguage\":\"fr-FR\",\"@id\":\"https:\/\/www.alescaa.fr\/#\/schema\/logo\/image\/\",\"url\":\"https:\/\/www.alescaa.fr\/wp-content\/uploads\/2022\/02\/Logo-Alescaa-2022.png\",\"contentUrl\":\"https:\/\/www.alescaa.fr\/wp-content\/uploads\/2022\/02\/Logo-Alescaa-2022.png\",\"width\":512,\"height\":482,\"caption\":\"A.L.E.S.C.A.A.\"},\"image\":{\"@id\":\"https:\/\/www.alescaa.fr\/#\/schema\/logo\/image\/\"}}]}<\/script>\n<!-- \/ Yoast SEO plugin. -->","yoast_head_json":{"title":"Principales manifestations - A.L.E.S.C.A.A.","robots":{"index":"index","follow":"follow","max-snippet":"max-snippet:-1","max-image-preview":"max-image-preview:large","max-video-preview":"max-video-preview:-1"},"canonical":"https:\/\/www.alescaa.fr\/index.php\/principales-manifestations\/","og_locale":"fr_FR","og_type":"article","og_title":"Principales manifestations - A.L.E.S.C.A.A.","og_description":"M\u00eame si le programme des manifestations varie chaque ann\u00e9e, certaines sont presque syst\u00e9matiquement reconduites. Il s&rsquo;agit de manifestations populaires qui rencontrent un large public de tous les \u00e2ges de la commune et d&rsquo;au del\u00e0. Elles peuvent \u00eatre organis\u00e9es par l&rsquo;association, mais aussi par une de ses sections. Celles qui sont reconduites chaque ann\u00e9e, sauf en [&hellip;]","og_url":"https:\/\/www.alescaa.fr\/index.php\/principales-manifestations\/","og_site_name":"A.L.E.S.C.A.A.","article_modified_time":"2023-03-06T12:50:46+00:00","og_image":[{"url":"https:\/\/www.alescaa.fr\/wp-content\/uploads\/2022\/01\/Fete-foraine-2-1024x498.jpg"}],"twitter_card":"summary_large_image","twitter_misc":{"Dur\u00e9e de lecture estim\u00e9e":"4 minutes"},"schema":{"@context":"https:\/\/schema.org","@graph":[{"@type":"WebPage","@id":"https:\/\/www.alescaa.fr\/index.php\/principales-manifestations\/","url":"https:\/\/www.alescaa.fr\/index.php\/principales-manifestations\/","name":"Principales manifestations - A.L.E.S.C.A.A.","isPartOf":{"@id":"https:\/\/www.alescaa.fr\/#website"},"datePublished":"2022-01-03T13:42:20+00:00","dateModified":"2023-03-06T12:50:46+00:00","breadcrumb":{"@id":"https:\/\/www.alescaa.fr\/index.php\/principales-manifestations\/#breadcrumb"},"inLanguage":"fr-FR","potentialAction":[{"@type":"ReadAction","target":["https:\/\/www.alescaa.fr\/index.php\/principales-manifestations\/"]}]},{"@type":"BreadcrumbList","@id":"https:\/\/www.alescaa.fr\/index.php\/principales-manifestations\/#breadcrumb","itemListElement":[{"@type":"ListItem","position":1,"name":"Accueil","item":"https:\/\/www.alescaa.fr\/"},{"@type":"ListItem","position":2,"name":"Principales manifestations"}]},{"@type":"WebSite","@id":"https:\/\/www.alescaa.fr\/#website","url":"https:\/\/www.alescaa.fr\/","name":"A.L.E.S.C.A.A.","description":"Amicale La\u00efque Educative Sportive et Culturelle d&#039;Autheuil-Authouillet","publisher":{"@id":"https:\/\/www.alescaa.fr\/#organization"},"potentialAction":[{"@type":"SearchAction","target":{"@type":"EntryPoint","urlTemplate":"https:\/\/www.alescaa.fr\/?s={search_term_string}"},"query-input":"required name=search_term_string"}],"inLanguage":"fr-FR"},{"@type":"Organization","@id":"https:\/\/www.alescaa.fr\/#organization","name":"A.L.E.S.C.A.A.","url":"https:\/\/www.alescaa.fr\/","logo":{"@type":"ImageObject","inLanguage":"fr-FR","@id":"https:\/\/www.alescaa.fr\/#\/schema\/logo\/image\/","url":"https:\/\/www.alescaa.fr\/wp-content\/uploads\/2022\/02\/Logo-Alescaa-2022.png","contentUrl":"https:\/\/www.alescaa.fr\/wp-content\/uploads\/2022\/02\/Logo-Alescaa-2022.png","width":512,"height":482,"caption":"A.L.E.S.C.A.A."},"image":{"@id":"https:\/\/www.alescaa.fr\/#\/schema\/logo\/image\/"}}]}},"_links":{"self":[{"href":"https:\/\/www.alescaa.fr\/index.php\/wp-json\/wp\/v2\/pages\/3916"}],"collection":[{"href":"https:\/\/www.alescaa.fr\/index.php\/wp-json\/wp\/v2\/pages"}],"about":[{"href":"https:\/\/www.alescaa.fr\/index.php\/wp-json\/wp\/v2\/types\/page"}],"author":[{"embeddable":true,"href":"https:\/\/www.alescaa.fr\/index.php\/wp-json\/wp\/v2\/users\/3"}],"replies":[{"embeddable":true,"href":"https:\/\/www.alescaa.fr\/index.php\/wp-json\/wp\/v2\/comments?post=3916"}],"version-history":[{"count":14,"href":"https:\/\/www.alescaa.fr\/index.php\/wp-json\/wp\/v2\/pages\/3916\/revisions"}],"predecessor-version":[{"id":4793,"href":"https:\/\/www.alescaa.fr\/index.php\/wp-json\/wp\/v2\/pages\/3916\/revisions\/4793"}],"wp:attachment":[{"href":"https:\/\/www.alescaa.fr\/index.php\/wp-json\/wp\/v2\/media?parent=3916"}],"curies":[{"name":"wp","href":"https:\/\/api.w.org\/{rel}","templated":true}]}}